{"id":4091,"date":"2023-03-22T20:52:28","date_gmt":"2023-03-22T23:52:28","guid":{"rendered":"https:\/\/isp2-sfe.infd.edu.ar\/sitio\/?page_id=4091"},"modified":"2025-09-26T11:22:38","modified_gmt":"2025-09-26T14:22:38","slug":"disenos-curriculares-tecnicaturas","status":"publish","type":"page","link":"https:\/\/isp2-sfe.infd.edu.ar\/sitio\/disenos-curriculares-tecnicaturas\/","title":{"rendered":"Dise\u00f1os Curriculares Tecnicaturas"},"content":{"rendered":"\n<p>Planes vigentes<\/p>\n\n\n\n<p><a href=\"https:\/\/isp2-sfe.infd.edu.ar\/sitio\/wp-content\/uploads\/2023\/03\/Diseno-curricular-Tecnico-Gestion-Organizaciones.pdf\" target=\"_blank\" rel=\"noreferrer noopener\">Tecnicatura Superior en Gesti\u00f3n de las Organizaciones<\/a><\/p>\n\n\n\n<p><a href=\"https:\/\/isp2-sfe.infd.edu.ar\/sitio\/wp-content\/uploads\/2023\/03\/Diseno-curricular-Tecnico-Superior-en-Desarrollo-de-Software-Resolucio-2120-16..pdf\" target=\"_blank\" rel=\"noreferrer noopener\">Tecnicatura Superior en Desarrollo de Software<\/a><\/p>\n\n\n\n<p><a href=\"https:\/\/isp2-sfe.infd.edu.ar\/sitio\/wp-content\/uploads\/2025\/09\/Diseno-Logistica-2016_Res_377-16_-_Logistica-1.pdf\">Tecnicatura Superior en Log\u00edstica<\/a><\/p>\n\n\n\n<p><a rel=\"noreferrer noopener\" href=\"https:\/\/isp2-sfe.infd.edu.ar\/sitio\/wp-content\/uploads\/2023\/03\/Diseno-curricular-TS-Enfermeria-20170093MSAL-2487ME.pdf\" target=\"_blank\">Tecnicatura Superior en E<\/a><a href=\"https:\/\/isp2-sfe.infd.edu.ar\/sitio\/wp-content\/uploads\/2023\/03\/Diseno-curricular-TS-Enfermeria-20170093MSAL-2487ME.pdf\" target=\"_blank\" rel=\"noreferrer noopener\">n<\/a><a rel=\"noreferrer noopener\" href=\"https:\/\/isp2-sfe.infd.edu.ar\/sitio\/wp-content\/uploads\/2023\/03\/Diseno-curricular-TS-Enfermeria-20170093MSAL-2487ME.pdf\" target=\"_blank\">fermer\u00eda<\/a><\/p>\n\n\n\n<p><\/p>\n\n\n\n<p>Planes caducos<\/p>\n\n\n\n<p><a href=\"https:\/\/isp2-sfe.infd.edu.ar\/sitio\/wp-content\/uploads\/2023\/03\/Tecnico-Sup-en-Adm-de-Empresas.pdf\" target=\"_blank\" rel=\"noreferrer noopener\">Tecnicatura en Administraci\u00f3n de Empresas<\/a><\/p>\n","protected":false},"excerpt":{"rendered":"<p>Planes vigentes Tecnicatura Superior en Gesti\u00f3n de las Organizaciones Tecnicatura Superior en Desarrollo de Software Tecnicatura Superior en Log\u00edstica Tecnicatura Superior en Enfermer\u00eda Planes caducos Tecnicatura en Administraci\u00f3n de Empresas<\/p>\n","protected":false},"author":3975,"featured_media":0,"parent":0,"menu_order":0,"comment_status":"closed","ping_status":"closed","template":"","meta":[],"acf":[],"_links":{"self":[{"href":"https:\/\/isp2-sfe.infd.edu.ar\/sitio\/wp-json\/wp\/v2\/pages\/4091"}],"collection":[{"href":"https:\/\/isp2-sfe.infd.edu.ar\/sitio\/wp-json\/wp\/v2\/pages"}],"about":[{"href":"https:\/\/isp2-sfe.infd.edu.ar\/sitio\/wp-json\/wp\/v2\/types\/page"}],"author":[{"embeddable":true,"href":"https:\/\/isp2-sfe.infd.edu.ar\/sitio\/wp-json\/wp\/v2\/users\/3975"}],"replies":[{"embeddable":true,"href":"https:\/\/isp2-sfe.infd.edu.ar\/sitio\/wp-json\/wp\/v2\/comments?post=4091"}],"version-history":[{"count":3,"href":"https:\/\/isp2-sfe.infd.edu.ar\/sitio\/wp-json\/wp\/v2\/pages\/4091\/revisions"}],"predecessor-version":[{"id":6553,"href":"https:\/\/isp2-sfe.infd.edu.ar\/sitio\/wp-json\/wp\/v2\/pages\/4091\/revisions\/6553"}],"wp:attachment":[{"href":"https:\/\/isp2-sfe.infd.edu.ar\/sitio\/wp-json\/wp\/v2\/media?parent=4091"}],"curies":[{"name":"wp","href":"https:\/\/api.w.org\/{rel}","templated":true}]}}