{"id":2134,"date":"2018-08-31T16:51:12","date_gmt":"2018-08-31T19:51:12","guid":{"rendered":"https:\/\/isp2-sfe.infd.edu.ar\/sitio\/carreras_matematica\/"},"modified":"2023-06-26T17:57:12","modified_gmt":"2023-06-26T20:57:12","slug":"carreras_matematica","status":"publish","type":"page","link":"https:\/\/isp2-sfe.infd.edu.ar\/sitio\/carreras_matematica\/","title":{"rendered":"Profesorado de Educaci\u00f3n Secundaria en Matem\u00e1tica"},"content":{"rendered":"<p><img decoding=\"async\" loading=\"lazy\" class=\"alignnone size-full wp-image-2676 aligncenter\" src=\"https:\/\/isp2-sfe.infd.edu.ar\/sitio\/wp-content\/uploads\/2020\/10\/LOGO-MATEMATICA-WEB.png\" alt=\"\" width=\"378\" height=\"397\" \/><\/p>\n<h4><strong>PROFESORADO DE EDUCACI\u00d3N SECUNDARIA EN MATEM\u00c1TICA <\/strong><\/h4>\n<h4><strong>TITULO A OTORGAR: <\/strong>Profesor\/a de Educaci\u00f3n Secundaria en Matem\u00e1tica<\/h4>\n<h4><strong>DURACI\u00d3N DE LA CARRERA EN A\u00d1OS ACAD\u00c9MICOS<\/strong>: 4 (cuatro)<strong><br \/>\n<\/strong><\/h4>\n<h4>Jefatura de Secci\u00f3n: Fabiana Ingaramo<\/h4>\n<div>Un profe y un estudiante te van a brindar mas informaci\u00f3n que puede ayudar a orientarte en tu elecci\u00f3n.<\/div>\n<p><a href=\"https:\/\/www.youtube.com\/watch?v=dn3D3mWqJZM&amp;t=24s\" target=\"_blank\" rel=\"noopener noreferrer\">https:\/\/www.youtube.com\/watch?v=dn3D3mWqJZM&amp;t=24s<\/a><\/p>\n<p>&nbsp;<\/p>\n<p><strong>RESE\u00d1A:<\/strong><\/p>\n<p>La Matem\u00e1tica surge de la necesidad de encontrar respuestas a situaciones problem\u00e1ticas provenientes de diversos contextos: los inherentes a las necesidades de organizaci\u00f3n social y econ\u00f3mica, los vinculados a otros campos del saber y los problemas que son propios de la disciplina. Lo expresado permite caracterizarla como una obra producto de la actividad humana, y a sus objetos como construcciones culturales cuya g\u00e9nesis y evoluci\u00f3n est\u00e1 atravesada por las concepciones sociales y las decisiones de la comunidad matem\u00e1tica.<\/p>\n<p>La propuesta formativa en su integridad contribuye a que el\/la estudiante que reci\u00e9n inicia su formaci\u00f3n pueda apropiarse de las categor\u00edas de la disciplina de forma progresiva, ofreci\u00e9ndole un trayecto que le brinde solidez disciplinar sin perder de vista la rigurosidad necesaria para desempe\u00f1arse en un campo que se presenta complejo.<\/p>\n<p><strong>\u00a0<\/strong><\/p>\n<p><strong>DESCRIPCI\u00d3N<\/strong>:<\/p>\n<p>El amplio conjunto de saberes que corresponde al dise\u00f1o curricular del Profesorado de Educaci\u00f3n Secundaria en Matem\u00e1tica ha sido organizado en tres campos del conocimiento, acorde a la Resoluci\u00f3n N\u00b0 24\/07 CFE \u201cLineamientos Curriculares Nacionales para la Formaci\u00f3n Docente Inicial\u201d:<\/p>\n<p><em>Formaci\u00f3n General:<\/em>dirigida a desarrollar una s\u00f3lida formaci\u00f3n human\u00edstica y al dominio de los marcos conceptuales, interpretativos y valorativos para el an\u00e1lisis y comprensi\u00f3n de la cultura, el tiempo y contexto hist\u00f3rico, la educaci\u00f3n, la ense\u00f1anza, el aprendizaje, y a la formaci\u00f3n del juicio profesional para la actuaci\u00f3n en diferentes contextos socio- culturales.<\/p>\n<p><em>Formaci\u00f3n Espec\u00edfica:<\/em>dirigida al estudio de la\/s disciplina\/s espec\u00edficas para la ense\u00f1anza en la especialidad en que se forma, la did\u00e1ctica y las tecnolog\u00edas educativas particulares, as\u00ed como de las caracter\u00edsticas y necesidades de los\/as estudiantes a nivel individual y colectivo, en el nivel del sistema educativo, especialidad o modalidad educativa para la que se forma.<\/p>\n<p><em>Formaci\u00f3n en la Pr\u00e1ctica Profesional:<\/em>orientada al aprendizaje de las capacidades para la actuaci\u00f3n docente en las instituciones educativas y en las aulas, a trav\u00e9s de la participaci\u00f3n e incorporaci\u00f3n progresiva en distintos contextos socio-educativos.<\/p>\n<p>Cada uno de estos tres campos colabora en la compleja formaci\u00f3n de un\/a docente a lo largo de toda la carrera en un sentido integral. Ninguno es m\u00e1s importante que otro sino que se complementan atendiendo a las distintas \u00e1reas que constituyen la formaci\u00f3n de un\/a profesor\/a.<\/p>\n<p><strong>\u00a0<\/strong><\/p>\n<p><strong>ESTRUCTURA DE LA CARRERA: <\/strong><\/p>\n<p>4544 Horas C\u00e1tedras y 3030 Horas Reloj.<\/p>\n<p>Se prev\u00e9n formatos diferenciados en distinto tipo de unidades curriculares, considerando la estructura conceptual, el prop\u00f3sito educativo y sus aportes a la pr\u00e1ctica docente: <em>Materias o Asignaturas, Seminarios, Talleres, Pr\u00e1cticas docentes, Taller integrador.<\/em><\/p>\n<p><strong>\u00a0<\/strong><\/p>\n<p><strong>PLAN DE ESTUDIOS:<\/strong><\/p>\n<table border=\"1\" cellspacing=\"0\" cellpadding=\"0\">\n<tbody>\n<tr>\n<td valign=\"top\" width=\"299\">1\u00b0 a\u00f1o<\/p>\n<p>Pedagog\u00eda<\/p>\n<p>Did\u00e1ctica y Curr\u00edculum<\/p>\n<p>UCCV: CTS y Educaci\u00f3n Matem\u00e1tica<\/p>\n<p>Aritm\u00e9tica y \u00c1lgebra I<\/p>\n<p>C\u00e1lculo I<\/p>\n<p>Estad\u00edstica y probabilidad I<\/p>\n<p>Geometr\u00eda I<\/p>\n<p>Modelizaci\u00f3n matem\u00e1tica I<\/p>\n<p>Pr\u00e1ctica docente I: escenarios educativos<\/p>\n<p>Taller integrador de primer a\u00f1o<\/td>\n<td valign=\"top\" width=\"299\">2\u00b0 a\u00f1o<\/p>\n<p>Historia y pol\u00edtica de la educaci\u00f3n argentina<\/p>\n<p>Instituciones educativas<\/p>\n<p>Psicolog\u00eda y educaci\u00f3n<\/p>\n<p>Aritm\u00e9tica y \u00c1lgebra II<\/p>\n<p>Geometr\u00eda II<\/p>\n<p>C\u00e1lculo II<\/p>\n<p>Modelizaci\u00f3n Matem\u00e1tica II<\/p>\n<p>F\u00edsica I<\/p>\n<p>Did\u00e1ctica de la matem\u00e1tica I<\/p>\n<p>Pr\u00e1ctica docente II: la instituci\u00f3n escolar.<\/p>\n<p>Taller integrador de segundo a\u00f1o<\/td>\n<\/tr>\n<tr>\n<td valign=\"top\" width=\"299\">3\u00b0 a\u00f1o<\/p>\n<p>Filosof\u00eda<\/p>\n<p>Metodolog\u00eda de la investigaci\u00f3n<\/p>\n<p>Aritm\u00e9tica y \u00c1lgebra III<\/p>\n<p>Geometr\u00eda III<\/p>\n<p>C\u00e1lculo III<\/p>\n<p>Modelizaci\u00f3n matem\u00e1tica III<\/p>\n<p>F\u00edsica II<\/p>\n<p>Did\u00e1ctica de la matem\u00e1tica II<\/p>\n<p>Sujetos de la educaci\u00f3n secundaria<\/p>\n<p>Pr\u00e1ctica docente III: la clase, los procesos del aprender y del ense\u00f1ar<\/p>\n<p>&nbsp;<\/td>\n<td valign=\"top\" width=\"299\">4\u00b0a\u00f1o<\/p>\n<p>Educaci\u00f3n sexual integral<\/p>\n<p>\u00c9tica y trabajo docente<\/p>\n<p>Pr\u00e1cticas de investigaci\u00f3n<\/p>\n<p>Aritm\u00e9tica y \u00c1lgebra IV<\/p>\n<p>Geometr\u00eda IV<\/p>\n<p>C\u00e1lculo IV<\/p>\n<p>Estad\u00edstica y probabilidad II<\/p>\n<p>Epistemolog\u00eda e historia de la matem\u00e1tica<\/p>\n<p>Pr\u00e1ctica docente IV: residencia. El rol docente y su pr\u00e1ctica<\/p>\n<p>Modelizaci\u00f3n matem\u00e1tica IV<\/p>\n<p>&nbsp;<\/td>\n<\/tr>\n<\/tbody>\n<\/table>\n<p>&nbsp;<\/p>\n<p><strong>PERFIL DEL EGRESADO:<\/strong><\/p>\n<ul>\n<li>Profesor\/a apasionado\/a en las tareas de aprender, interrogar, buscar, imaginar, proyectar, reflexionar, que son en definitiva atributos inseparables de la sustantiva tarea<br \/>\nde ense\u00f1ar.<\/li>\n<li>Profesor\/a con capacidades profesionales referidas al dominio de campos disciplinares, pero tambi\u00e9n al trabajo con el pensamiento en virtud de la reflexi\u00f3n cr\u00edtica, la toma de decisiones con autonom\u00eda y el trabajo colaborativo sustentado en principios democr\u00e1ticos.<\/li>\n<li>Profesor\/a con autoridad pedag\u00f3gica y acad\u00e9mica.<\/li>\n<li>Profesor\/a con capacidad de elaborar propuestas y situaciones de ense\u00f1anza que atiendan tanto las necesidades de aprendizajes como a los contextos sociales, hist\u00f3ricos, ling\u00fc\u00edsticos y culturales que conforman la realidad provincial.<\/li>\n<li>Profesor\/a formado\/a en el campo disciplinar de la Matem\u00e1tica de forma sustantiva, de tal manera que el dominio de saberes espec\u00edficos pueda ser transformado en un saber pedag\u00f3gico del contenido.<\/li>\n<li>Profesor\/a que disponga de principios organizadores para seleccionar, relacionar, reelaborar, comunicar saberes y\/o experiencias de saber para ponerlos a disposici\u00f3n de los alumnos\/as, a partir de reconocer las m\u00faltiples experiencias sociales que les dan sentido.<\/li>\n<li>Profesor\/a que genere ambientes de aula que propicien la actividad matem\u00e1tica de los\/las estudiantes, promoviendo la problematizaci\u00f3n y la modelizaci\u00f3n.<\/li>\n<\/ul>\n<p>&nbsp;<\/p>\n<p><strong>REQUISITOS DE INGRESO:<\/strong><\/p>\n<p>T\u00edtulo de Nivel Medio &#8211; Fotocopia legalizada.<\/p>\n<p>No adeudar materias de Escuela Secundaria a\u00a0septiembre del a\u00f1o de ingreso.<\/p>\n<p>Certificado Laboral (si trabaja).<\/p>\n<p>Certificado de Salud (extendido por organismo\u00a0oficial).<\/p>\n<p>2 fotos 4&#215;4 tipo carnet actualizada (apellido\u00a0y nombre al dorso).<\/p>\n<p>1era y 2da hoja del DNI &#8211; Fotocopia legalizada.<\/p>\n<div>\n<p>&nbsp;<\/p>\n<\/div>\n","protected":false},"excerpt":{"rendered":"<p>PROFESORADO DE EDUCACI\u00d3N SECUNDARIA EN MATEM\u00c1TICA TITULO A OTORGAR: Profesor\/a de Educaci\u00f3n Secundaria en Matem\u00e1tica DURACI\u00d3N DE LA CARRERA EN A\u00d1OS ACAD\u00c9MICOS: 4 (cuatro) Jefatura de Secci\u00f3n: Fabiana Ingaramo Un profe y un estudiante te van a brindar mas informaci\u00f3n que puede ayudar a orientarte en tu elecci\u00f3n. https:\/\/www.youtube.com\/watch?v=dn3D3mWqJZM&amp;t=24s &nbsp; RESE\u00d1A: La Matem\u00e1tica surge de &#8230; <a title=\"Profesorado de Educaci\u00f3n Secundaria en Matem\u00e1tica\" class=\"read-more\" href=\"https:\/\/isp2-sfe.infd.edu.ar\/sitio\/carreras_matematica\/\" aria-label=\"More on Profesorado de Educaci\u00f3n Secundaria en Matem\u00e1tica\">[+]<\/a><\/p>\n","protected":false},"author":3998,"featured_media":0,"parent":0,"menu_order":0,"comment_status":"closed","ping_status":"closed","template":"","meta":[],"acf":[],"_links":{"self":[{"href":"https:\/\/isp2-sfe.infd.edu.ar\/sitio\/wp-json\/wp\/v2\/pages\/2134"}],"collection":[{"href":"https:\/\/isp2-sfe.infd.edu.ar\/sitio\/wp-json\/wp\/v2\/pages"}],"about":[{"href":"https:\/\/isp2-sfe.infd.edu.ar\/sitio\/wp-json\/wp\/v2\/types\/page"}],"author":[{"embeddable":true,"href":"https:\/\/isp2-sfe.infd.edu.ar\/sitio\/wp-json\/wp\/v2\/users\/3998"}],"replies":[{"embeddable":true,"href":"https:\/\/isp2-sfe.infd.edu.ar\/sitio\/wp-json\/wp\/v2\/comments?post=2134"}],"version-history":[{"count":4,"href":"https:\/\/isp2-sfe.infd.edu.ar\/sitio\/wp-json\/wp\/v2\/pages\/2134\/revisions"}],"predecessor-version":[{"id":2835,"href":"https:\/\/isp2-sfe.infd.edu.ar\/sitio\/wp-json\/wp\/v2\/pages\/2134\/revisions\/2835"}],"wp:attachment":[{"href":"https:\/\/isp2-sfe.infd.edu.ar\/sitio\/wp-json\/wp\/v2\/media?parent=2134"}],"curies":[{"name":"wp","href":"https:\/\/api.w.org\/{rel}","templated":true}]}}