{"id":2133,"date":"2018-08-31T16:51:12","date_gmt":"2018-08-31T19:51:12","guid":{"rendered":"https:\/\/isp2-sfe.infd.edu.ar\/sitio\/carreras_lenguayliteratura\/"},"modified":"2023-06-26T17:57:12","modified_gmt":"2023-06-26T20:57:12","slug":"carreras_lenguayliteratura","status":"publish","type":"page","link":"https:\/\/isp2-sfe.infd.edu.ar\/sitio\/carreras_lenguayliteratura\/","title":{"rendered":"Profesorado de Educaci\u00f3n Secundaria en Lengua y Literatura"},"content":{"rendered":"<h2><img decoding=\"async\" loading=\"lazy\" class=\"size-full wp-image-2664 aligncenter\" src=\"https:\/\/isp2-sfe.infd.edu.ar\/sitio\/wp-content\/uploads\/2020\/10\/LENGUA_PORTADA_PAGINA.png\" alt=\"\" width=\"378\" height=\"397\" \/><\/h2>\n<h2>Profesorado de Educaci\u00f3n Secundaria en Lengua y Literatura<\/h2>\n<h4><strong>T\u00edtulo a otorgar: <\/strong>Profesor\/a de Educaci\u00f3n Secundaria en Lengua y Literatura<\/h4>\n<h4><strong>Duraci\u00f3n de la carrera en a\u00f1os acad\u00e9micos<\/strong>: 4 (cuatro)<\/h4>\n<h4>Cantidad total de horas: 4512 horas c\u00e1tedra<\/h4>\n<h4>Jefatura de secci\u00f3n: Prof. Claudia Manera<\/h4>\n<div><\/div>\n<div>En el siguiente link, una docente y una estudiante te van a brindar mas informaci\u00f3n que puede ayudar a orientarte en tu elecci\u00f3n<\/div>\n<p><a href=\"https:\/\/www.youtube.com\/watch?v=eozOl_qdoqs&amp;t=6s\" target=\"_blank\" rel=\"noopener noreferrer\">https:\/\/www.youtube.com\/watch?v=eozOl_qdoqs&amp;t=6s<\/a><\/p>\n<p><strong>\u00a0<\/strong><\/p>\n<p><strong>Rese\u00f1a de la carrera<\/strong>:<\/p>\n<p style=\"text-align: left;\">Este trayecto aspira a generar experiencias de aprendizaje que, partiendo de una preparaci\u00f3n pedag\u00f3gica y disciplinar consistente, puedan abrirse a la comprensi\u00f3n de las pr\u00e1cticas sociales, culturales y educativas contempor\u00e1neas y de los desaf\u00edos que<br \/>\nposicionan a los actores escolares en la necesidad de dar continuidad al movimiento reflexivo en el ejercicio de la profesi\u00f3n. Estas aspiraciones deben conjugarse y materializarse a partir del reconocimiento efectivo que debe hacer el sistema formador de las experiencias sociales que atraviesan a los\/las estudiantes de los profesorados, a fin de poner en cuesti\u00f3n imaginarios que obturen trayectorias posibles. Se propone que los\/las futuros\/as profesores\/as puedan apropiarse de claves<br \/>\ninterpretativas y vivenciales para construir propuestas de ense\u00f1anza que sean el efecto de lecturas de las realidades escolares complejas que signifiquen un compromiso con la actualizaci\u00f3n constante. En este sentido, se promueve una formaci\u00f3n<br \/>\nque favorezca instancias en las que los\/las estudiantes se sientan responsables de educar para la igualdad de posiciones y de oportunidades sociales, en una actitud de apertura para la reelaboraci\u00f3n cr\u00edtica de aquello que la formaci\u00f3n les leg\u00f3.<\/p>\n<p><strong>DESCRIPCI\u00d3N<\/strong>:<\/p>\n<p>El amplio conjunto de saberes que conforman el Profesorado de Educaci\u00f3n Secundaria en Lengua y Literatura se organiza en tres grandes campos interrelacionados: <strong>Formaci\u00f3n General, Formaci\u00f3n en la Pr\u00e1ctica Profesional y Formaci\u00f3n Espec\u00edfica.<\/strong><\/p>\n<p><strong>Formaci\u00f3n General:<\/strong> dirigida a desarrollar una s\u00f3lida formaci\u00f3n human\u00edstica y al dominio de los marcos conceptuales, interpretativos y valorativos para el an\u00e1lisis y comprensi\u00f3n de la cultura, el tiempo y el contexto hist\u00f3rico, la educaci\u00f3n, la ense\u00f1anza, el aprendizaje, y a la formaci\u00f3n del juicio profesional para la actuaci\u00f3n en diferentes contextos socio-cuiturales.<\/p>\n<p><strong>Formaci\u00f3n en la Pr\u00e1ctica Profesional:<\/strong> orientada al aprendizaje de las capacidades para la actuaci\u00f3n docente en las instituciones educativas y en las aulas, a trav\u00e9s de la participaci\u00f3n e incorporaci\u00f3n progresiva en distintos contextos socio-educativos.<\/p>\n<p><strong>Formaci\u00f3n Especifica:<\/strong> dirigida al estudio de las disciplinada espec\u00edficas para la ense\u00f1anza en la especialidad en que Se forma, la did\u00e1ctica y las tecnolog\u00edas educativas particulares, as\u00ed como de las caracter\u00edsticas y necesidades de los estudiantes a nivel<br \/>\nindividual y colectivo, en ci nivel del sistema educativo, especialidad o modalidad educativa correspondiente. A su vez, los contenidos de este campo se organizan en torno a los siguientes N\u00facleos Tem\u00e1ticos:<\/p>\n<p><strong>N\u00facleo I: El lenguaje como sistema<\/strong>. Propone un recorrido por las diferentes corrientes ling\u00fc\u00edsticas que entre el siglo XX y el actual han buscado dar una explicaci\u00f3n acerca de la complejidad del lenguaje humano y el car\u00e1cter sistem\u00e1tico de la lengua tomando en consideraci\u00f3n que el aporte de estas teor\u00edas contribuye al conocimiento del lenguaje en si mismo y en relaci\u00f3n con el pensamiento.<br \/>\n<strong>N\u00facleo II: El lenguaje en contexto.<\/strong> Aborda el lenguaje en su relaci\u00f3n con el contexto de enunciaci\u00f3n y el sociocultural. Se presentan las teor\u00edas que se ocupan del discurso y de las instancias en que este es producido, es decir, que se interesan por el lenguaje como fen\u00f3meno contextualizado hist\u00f3rica, social y culturalmente.<br \/>\n<strong>N\u00facleo III: El discurso literario.<\/strong> Este n\u00facleo recoge una serie de problemas en torno a la especificidad de la Literatura y a la pluralidad de perspectivas institucionales, sociales, hist\u00f3ricas e ideol\u00f3gicas que develan que la noci\u00f3n de la Literatura resulta siempre inestable y conflictiva. Las condiciones socioculturales de producci\u00f3n, circulaci\u00f3n y recepci\u00f3n atestiguan tambi\u00e9n su car\u00e1cter din\u00e1mico al articularse con las instituciones, las mediaciones del mercado editorial y la construcci\u00f3n de la Literatura en tanto saber a ser ense\u00f1ado. Por otra parte, se presentan los aportes de la teor\u00eda y la cr\u00edtica literaria en tanto disciplinas especializadas que pretenden conceptualizar y delimitar los constituyentes del discurso literario.<br \/>\n<strong>N\u00facleo IV: G\u00e9neros, textos y discursos.<\/strong> Este n\u00facleo tem\u00e1tico propone un acercamiento a las nociones de g\u00e9nero, texto y discurso y al problema de la diversidad de criterios utilizados para introducir un principio de clasificaci\u00f3n. Se ocupa tambi\u00e9n de los fen\u00f3menos de polifon\u00eda, de las variadas modalidades de incorporaci\u00f3n de las distintas voces en el discurso del enunciador, y de las relaciones de transtextualidad, no solo dentro de la literatura, sino tambi\u00e9n entre la literatura, otros g\u00e9neros discursivos y<br \/>\ndistintas manifestaciones art\u00edsticas.<\/p>\n<p><strong>\u00a0<\/strong><strong>Estructura de la Carrera:<\/strong><\/p>\n<p>En el Plan de Estudios de la carrera de Profesorado de Educaci\u00f3n Secundaria en Lengua y Literatura existen tres formatos de espacios curriculares, denominados M<em>aterias<\/em>, S<em>eminarios<\/em> y T<em>alleres<\/em>.<\/p>\n<p>&nbsp;<\/p>\n<p><strong>PLAN DE ESTUDIOS:<\/strong><\/p>\n<table border=\"1\" cellspacing=\"0\" cellpadding=\"0\">\n<tbody>\n<tr>\n<td valign=\"top\" width=\"299\"><strong>1\u00b0 a\u00f1o<\/strong><\/p>\n<p>Pedagog\u00eda<\/p>\n<p>UCCV: Movimientos Art\u00edsticos y Proyectos Culturales<\/p>\n<p>Ling\u00fc\u00edstica General<\/p>\n<p>Lengua Espa\u00f1ola I<\/p>\n<p>Itinerario por la Literatura Argentina I<\/p>\n<p>Literaturas Antiguas<\/p>\n<p>Lecturas Cr\u00edticas I<\/p>\n<p>Producci\u00f3n Oral y Escrita<\/p>\n<p>Seminario UDI<\/p>\n<p>Pr\u00e1ctica Docente I: Escenarios Educativos<\/p>\n<p>&nbsp;<\/td>\n<td valign=\"top\" width=\"299\"><strong>2\u00b0 a\u00f1o<\/strong><\/p>\n<p>Instituciones Educativas<\/p>\n<p>Did\u00e1ctica y Curr\u00edculum<\/p>\n<p>Psicolog\u00eda y Educaci\u00f3n<\/p>\n<p>Lat\u00edn<\/p>\n<p>Lengua Espa\u00f1ola II<\/p>\n<p>Ling\u00fc\u00edstica del Texto y An\u00e1lisis del Discurso I<\/p>\n<p>Itinerario por la Literatura Argentina II<\/p>\n<p>Literaturas Medievales y Renacentistas<\/p>\n<p>Seminario UCO<\/p>\n<p>Pr\u00e1ctica Docente II: La instituci\u00f3n Escolar<\/td>\n<\/tr>\n<tr>\n<td valign=\"top\" width=\"299\"><strong>3\u00b0 a\u00f1o<\/strong><\/p>\n<p>UCCV: Alfabetizaci\u00f3n<\/p>\n<p>Filosof\u00eda<\/p>\n<p>Historia y Pol\u00edtica de la Educaci\u00f3n Argentina<\/p>\n<p>Sujetos de la Educaci\u00f3n Secundaria<\/p>\n<p>Did\u00e1ctica de la Lengua y la Literatura I<\/p>\n<p>Ling\u00fc\u00edstica del Texto y An\u00e1lisis del Discurso II<\/p>\n<p>Itinerario por la Literatura Latinoamericana I<\/p>\n<p>Literaturas Modernas<\/p>\n<p>Lecturas Cr\u00edticas II<\/p>\n<p>Pr\u00e1ctica Docente III: La clase, los procesos del aprender y del ense\u00f1ar.<\/p>\n<p>&nbsp;<\/td>\n<td valign=\"top\" width=\"299\"><strong>4\u00b0a\u00f1o<\/strong><\/p>\n<p>\u00c9tica y Trabajo Docente<\/p>\n<p>ESI: Educaci\u00f3n Sexual Integral<\/p>\n<p>Metodolog\u00eda y Pr\u00e1cticas de la Investigaci\u00f3n<\/p>\n<p>Semi\u00f3tica<\/p>\n<p>Cambio y Variedades Ling\u00fc\u00edsticas<\/p>\n<p>Modelos Te\u00f3ricos Ling\u00fc\u00edsticos<\/p>\n<p>Did\u00e1ctica de la Lengua y la Literatura II<\/p>\n<p>Itinerario por la Literatura Latinoamericana II<\/p>\n<p>Literaturas Contempor\u00e1neas<\/p>\n<p>Pr\u00e1ctica Docente IV: Residencia, el rol del docente y su pr\u00e1ctica.<\/p>\n<p>&nbsp;<\/p>\n<p>TRAYECTO DE PR\u00c1CTICA: Seminario de Integraci\u00f3n y S\u00edntesis<\/td>\n<\/tr>\n<\/tbody>\n<\/table>\n<p>&nbsp;<\/p>\n<p><strong>PERFIL DEL EGRESADO:<\/strong><\/p>\n<p>Se entiende que la identidad docente es una figura en formaci\u00f3n permanente que no culmina con el egreso del\/de la estudiante del profesorado. En tal sentido, este dise\u00f1o curricular apuesta a formar profesores\/as apasionados\/as en las tareas de aprender, debe ser un profesional competente en su \u00e1rea con una s\u00f3lida formaci\u00f3n para utilizar los conocimientos. Debe estar capacitado para realizar las siguientes funciones: interrogar, buscar, imaginar, proyectar y reflexionar, experiencias inseparables de la<br \/>\nsustantiva tarea de ense\u00f1ar.<br \/>\nComo praxis \u00e9tico-politica la tarea de ense\u00f1ar demanda el desarrollo de capacidades profesionales referidas al dominio de campos disciplinares, al trabajo con el pensamiento en virtud de la reflexi\u00f3n cr\u00edtica, la toma de decisiones con autonom\u00eda y el<br \/>\ntrabajo colaborativo sustentado en principios democr\u00e1ticos. Formar un\/a docente con autoridad pedag\u00f3gica y disciplinar es un horizonte de formaci\u00f3n nodal en esta propuesta. Por autoridad se entiende a la capacidad profesional y \u00e9tica para producir intervenciones argumentadas considerando las lecturas de las situaciones escolares particulares que posibilitan experiencias de aprendizaje. Los\/las estudiantes, las relaciones institucionales escolares, los padres de los\/las estudiantes y la sociedad legitiman la autoridad del\/ de la profesor\/a.<br \/>\nEn s\u00edntesis, el\/la profesor\/a debe estar en condiciones de elaborar propuestas y situaciones de ense\u00f1anza que atiendan tanto a las necesidades de aprendizajes como a los contextos sociales, hist\u00f3ricos, ling\u00fc\u00edstico y culturales que conforman la realidad<br \/>\nprovincial.<\/p>\n<p><strong>\u00a0<\/strong><\/p>\n<p><strong>REQUISITOS DE INGRESO:<\/strong><\/p>\n<p>T\u00edtulo de Nivel Medio o Escuela Secundaria &#8211; Fotocopia legalizada.<\/p>\n<p>No adeudar materias de Escuela Secundaria a\u00a0septiembre del a\u00f1o de ingreso.<\/p>\n<p>Certificado Laboral (si trabaja).<\/p>\n<p>Certificado de Salud (extendido por organismo\u00a0oficial).<\/p>\n<p>2 fotos 4&#215;4 tipo carnet actualizada (apellido\u00a0y nombre al dorso).<\/p>\n<p>1era y 2da hoja del DNI &#8211; Fotocopia legalizada.<\/p>\n<p>&nbsp;<\/p>\n<p>&nbsp;<\/p>\n","protected":false},"excerpt":{"rendered":"<p>Profesorado de Educaci\u00f3n Secundaria en Lengua y Literatura T\u00edtulo a otorgar: Profesor\/a de Educaci\u00f3n Secundaria en Lengua y Literatura Duraci\u00f3n de la carrera en a\u00f1os acad\u00e9micos: 4 (cuatro) Cantidad total de horas: 4512 horas c\u00e1tedra Jefatura de secci\u00f3n: Prof. Claudia Manera En el siguiente link, una docente y una estudiante te van a brindar mas &#8230; <a title=\"Profesorado de Educaci\u00f3n Secundaria en Lengua y Literatura\" class=\"read-more\" href=\"https:\/\/isp2-sfe.infd.edu.ar\/sitio\/carreras_lenguayliteratura\/\" aria-label=\"More on Profesorado de Educaci\u00f3n Secundaria en Lengua y Literatura\">[+]<\/a><\/p>\n","protected":false},"author":3998,"featured_media":0,"parent":0,"menu_order":0,"comment_status":"closed","ping_status":"closed","template":"","meta":[],"acf":[],"_links":{"self":[{"href":"https:\/\/isp2-sfe.infd.edu.ar\/sitio\/wp-json\/wp\/v2\/pages\/2133"}],"collection":[{"href":"https:\/\/isp2-sfe.infd.edu.ar\/sitio\/wp-json\/wp\/v2\/pages"}],"about":[{"href":"https:\/\/isp2-sfe.infd.edu.ar\/sitio\/wp-json\/wp\/v2\/types\/page"}],"author":[{"embeddable":true,"href":"https:\/\/isp2-sfe.infd.edu.ar\/sitio\/wp-json\/wp\/v2\/users\/3998"}],"replies":[{"embeddable":true,"href":"https:\/\/isp2-sfe.infd.edu.ar\/sitio\/wp-json\/wp\/v2\/comments?post=2133"}],"version-history":[{"count":6,"href":"https:\/\/isp2-sfe.infd.edu.ar\/sitio\/wp-json\/wp\/v2\/pages\/2133\/revisions"}],"predecessor-version":[{"id":2665,"href":"https:\/\/isp2-sfe.infd.edu.ar\/sitio\/wp-json\/wp\/v2\/pages\/2133\/revisions\/2665"}],"wp:attachment":[{"href":"https:\/\/isp2-sfe.infd.edu.ar\/sitio\/wp-json\/wp\/v2\/media?parent=2133"}],"curies":[{"name":"wp","href":"https:\/\/api.w.org\/{rel}","templated":true}]}}

Profesorado de Educación Secundaria en Lengua y Literatura

<h2><img decoding="async" loading="lazy" class="size-full wp-image-2664 aligncenter" src="https://isp2-sfe.infd.edu.ar/sitio/wp-content/uploads/2020/10/LENGUA_PORTADA_PAGINA.png" alt="" width="378" height="397" /></h2>
<h2>Profesorado de Educación Secundaria en Lengua y Literatura</h2>
<h4><strong>Título a otorgar: </strong>Profesor/a de Educación Secundaria en Lengua y Literatura</h4>
<h4><strong>Duración de la carrera en años académicos</strong>: 4 (cuatro)</h4>
<h4>Cantidad total de horas: 4512 horas cátedra</h4>
<h4>Jefatura de sección: Prof. Claudia Manera</h4>
<div></div>
<div>En el siguiente link, una docente y una estudiante te van a brindar mas información que puede ayudar a orientarte en tu elección</div>
<p><a href="https://www.youtube.com/watch?v=eozOl_qdoqs&amp;t=6s" target="_blank" rel="noopener noreferrer">https://www.youtube.com/watch?v=eozOl_qdoqs&amp;t=6s</a></p>
<p><strong> </strong></p>
<p><strong>Reseña de la carrera</strong>:</p>
<p style="text-align: left;">Este trayecto aspira a generar experiencias de aprendizaje que, partiendo de una preparación pedagógica y disciplinar consistente, puedan abrirse a la comprensión de las prácticas sociales, culturales y educativas contemporáneas y de los desafíos que<br />
posicionan a los actores escolares en la necesidad de dar continuidad al movimiento reflexivo en el ejercicio de la profesión. Estas aspiraciones deben conjugarse y materializarse a partir del reconocimiento efectivo que debe hacer el sistema formador de las experiencias sociales que atraviesan a los/las estudiantes de los profesorados, a fin de poner en cuestión imaginarios que obturen trayectorias posibles. Se propone que los/las futuros/as profesores/as puedan apropiarse de claves<br />
interpretativas y vivenciales para construir propuestas de enseñanza que sean el efecto de lecturas de las realidades escolares complejas que signifiquen un compromiso con la actualización constante. En este sentido, se promueve una formación<br />
que favorezca instancias en las que los/las estudiantes se sientan responsables de educar para la igualdad de posiciones y de oportunidades sociales, en una actitud de apertura para la reelaboración crítica de aquello que la formación les legó.</p>
<p><strong>DESCRIPCIÓN</strong>:</p>
<p>El amplio conjunto de saberes que conforman el Profesorado de Educación Secundaria en Lengua y Literatura se organiza en tres grandes campos interrelacionados: <strong>Formación General, Formación en la Práctica Profesional y Formación Específica.</strong></p>
<p><strong>Formación General:</strong> dirigida a desarrollar una sólida formación humanística y al dominio de los marcos conceptuales, interpretativos y valorativos para el análisis y comprensión de la cultura, el tiempo y el contexto histórico, la educación, la enseñanza, el aprendizaje, y a la formación del juicio profesional para la actuación en diferentes contextos socio-cuiturales.</p>
<p><strong>Formación en la Práctica Profesional:</strong> orientada al aprendizaje de las capacidades para la actuación docente en las instituciones educativas y en las aulas, a través de la participación e incorporación progresiva en distintos contextos socio-educativos.</p>
<p><strong>Formación Especifica:</strong> dirigida al estudio de las disciplinada específicas para la enseñanza en la especialidad en que Se forma, la didáctica y las tecnologías educativas particulares, así como de las características y necesidades de los estudiantes a nivel<br />
individual y colectivo, en ci nivel del sistema educativo, especialidad o modalidad educativa correspondiente. A su vez, los contenidos de este campo se organizan en torno a los siguientes Núcleos Temáticos:</p>
<p><strong>Núcleo I: El lenguaje como sistema</strong>. Propone un recorrido por las diferentes corrientes lingüísticas que entre el siglo XX y el actual han buscado dar una explicación acerca de la complejidad del lenguaje humano y el carácter sistemático de la lengua tomando en consideración que el aporte de estas teorías contribuye al conocimiento del lenguaje en si mismo y en relación con el pensamiento.<br />
<strong>Núcleo II: El lenguaje en contexto.</strong> Aborda el lenguaje en su relación con el contexto de enunciación y el sociocultural. Se presentan las teorías que se ocupan del discurso y de las instancias en que este es producido, es decir, que se interesan por el lenguaje como fenómeno contextualizado histórica, social y culturalmente.<br />
<strong>Núcleo III: El discurso literario.</strong> Este núcleo recoge una serie de problemas en torno a la especificidad de la Literatura y a la pluralidad de perspectivas institucionales, sociales, históricas e ideológicas que develan que la noción de la Literatura resulta siempre inestable y conflictiva. Las condiciones socioculturales de producción, circulación y recepción atestiguan también su carácter dinámico al articularse con las instituciones, las mediaciones del mercado editorial y la construcción de la Literatura en tanto saber a ser enseñado. Por otra parte, se presentan los aportes de la teoría y la crítica literaria en tanto disciplinas especializadas que pretenden conceptualizar y delimitar los constituyentes del discurso literario.<br />
<strong>Núcleo IV: Géneros, textos y discursos.</strong> Este núcleo temático propone un acercamiento a las nociones de género, texto y discurso y al problema de la diversidad de criterios utilizados para introducir un principio de clasificación. Se ocupa también de los fenómenos de polifonía, de las variadas modalidades de incorporación de las distintas voces en el discurso del enunciador, y de las relaciones de transtextualidad, no solo dentro de la literatura, sino también entre la literatura, otros géneros discursivos y<br />
distintas manifestaciones artísticas.</p>
<p><strong> </strong><strong>Estructura de la Carrera:</strong></p>
<p>En el Plan de Estudios de la carrera de Profesorado de Educación Secundaria en Lengua y Literatura existen tres formatos de espacios curriculares, denominados M<em>aterias</em>, S<em>eminarios</em> y T<em>alleres</em>.</p>
<p>&nbsp;</p>
<p><strong>PLAN DE ESTUDIOS:</strong></p>
<table border="1" cellspacing="0" cellpadding="0">
<tbody>
<tr>
<td valign="top" width="299"><strong>1° año</strong></p>
<p>Pedagogía</p>
<p>UCCV: Movimientos Artísticos y Proyectos Culturales</p>
<p>Lingüística General</p>
<p>Lengua Española I</p>
<p>Itinerario por la Literatura Argentina I</p>
<p>Literaturas Antiguas</p>
<p>Lecturas Críticas I</p>
<p>Producción Oral y Escrita</p>
<p>Seminario UDI</p>
<p>Práctica Docente I: Escenarios Educativos</p>
<p>&nbsp;</td>
<td valign="top" width="299"><strong>2° año</strong></p>
<p>Instituciones Educativas</p>
<p>Didáctica y Currículum</p>
<p>Psicología y Educación</p>
<p>Latín</p>
<p>Lengua Española II</p>
<p>Lingüística del Texto y Análisis del Discurso I</p>
<p>Itinerario por la Literatura Argentina II</p>
<p>Literaturas Medievales y Renacentistas</p>
<p>Seminario UCO</p>
<p>Práctica Docente II: La institución Escolar</td>
</tr>
<tr>
<td valign="top" width="299"><strong>3° año</strong></p>
<p>UCCV: Alfabetización</p>
<p>Filosofía</p>
<p>Historia y Política de la Educación Argentina</p>
<p>Sujetos de la Educación Secundaria</p>
<p>Didáctica de la Lengua y la Literatura I</p>
<p>Lingüística del Texto y Análisis del Discurso II</p>
<p>Itinerario por la Literatura Latinoamericana I</p>
<p>Literaturas Modernas</p>
<p>Lecturas Críticas II</p>
<p>Práctica Docente III: La clase, los procesos del aprender y del enseñar.</p>
<p>&nbsp;</td>
<td valign="top" width="299"><strong>4°año</strong></p>
<p>Ética y Trabajo Docente</p>
<p>ESI: Educación Sexual Integral</p>
<p>Metodología y Prácticas de la Investigación</p>
<p>Semiótica</p>
<p>Cambio y Variedades Lingüísticas</p>
<p>Modelos Teóricos Lingüísticos</p>
<p>Didáctica de la Lengua y la Literatura II</p>
<p>Itinerario por la Literatura Latinoamericana II</p>
<p>Literaturas Contemporáneas</p>
<p>Práctica Docente IV: Residencia, el rol del docente y su práctica.</p>
<p>&nbsp;</p>
<p>TRAYECTO DE PRÁCTICA: Seminario de Integración y Síntesis</td>
</tr>
</tbody>
</table>
<p>&nbsp;</p>
<p><strong>PERFIL DEL EGRESADO:</strong></p>
<p>Se entiende que la identidad docente es una figura en formación permanente que no culmina con el egreso del/de la estudiante del profesorado. En tal sentido, este diseño curricular apuesta a formar profesores/as apasionados/as en las tareas de aprender, debe ser un profesional competente en su área con una sólida formación para utilizar los conocimientos. Debe estar capacitado para realizar las siguientes funciones: interrogar, buscar, imaginar, proyectar y reflexionar, experiencias inseparables de la<br />
sustantiva tarea de enseñar.<br />
Como praxis ético-politica la tarea de enseñar demanda el desarrollo de capacidades profesionales referidas al dominio de campos disciplinares, al trabajo con el pensamiento en virtud de la reflexión crítica, la toma de decisiones con autonomía y el<br />
trabajo colaborativo sustentado en principios democráticos. Formar un/a docente con autoridad pedagógica y disciplinar es un horizonte de formación nodal en esta propuesta. Por autoridad se entiende a la capacidad profesional y ética para producir intervenciones argumentadas considerando las lecturas de las situaciones escolares particulares que posibilitan experiencias de aprendizaje. Los/las estudiantes, las relaciones institucionales escolares, los padres de los/las estudiantes y la sociedad legitiman la autoridad del/ de la profesor/a.<br />
En síntesis, el/la profesor/a debe estar en condiciones de elaborar propuestas y situaciones de enseñanza que atiendan tanto a las necesidades de aprendizajes como a los contextos sociales, históricos, lingüístico y culturales que conforman la realidad<br />
provincial.</p>
<p><strong> </strong></p>
<p><strong>REQUISITOS DE INGRESO:</strong></p>
<p>Título de Nivel Medio o Escuela Secundaria &#8211; Fotocopia legalizada.</p>
<p>No adeudar materias de Escuela Secundaria a septiembre del año de ingreso.</p>
<p>Certificado Laboral (si trabaja).</p>
<p>Certificado de Salud (extendido por organismo oficial).</p>
<p>2 fotos 4&#215;4 tipo carnet actualizada (apellido y nombre al dorso).</p>
<p>1era y 2da hoja del DNI &#8211; Fotocopia legalizada.</p>
<p>&nbsp;</p>
<p>&nbsp;</p>

<p>Profesorado de Educación Secundaria en Lengua y Literatura Título a otorgar: Profesor/a de Educación Secundaria en Lengua y Literatura Duración de la carrera en años académicos: 4 (cuatro) Cantidad total de horas: 4512 horas cátedra Jefatura de sección: Prof. Claudia Manera En el siguiente link, una docente y una estudiante te van a brindar mas &#8230; <a title="Profesorado de Educación Secundaria en Lengua y Literatura" class="read-more" href="https://isp2-sfe.infd.edu.ar/sitio/carreras_lenguayliteratura/" aria-label="More on Profesorado de Educación Secundaria en Lengua y Literatura">[+]</a></p>
