{"id":2094,"date":"2019-07-29T16:50:55","date_gmt":"2019-07-29T19:50:55","guid":{"rendered":"https:\/\/isp2-sfe.infd.edu.ar\/sitio\/matriculacion-2\/"},"modified":"2023-06-26T17:57:11","modified_gmt":"2023-06-26T20:57:11","slug":"matriculacion-2","status":"publish","type":"page","link":"https:\/\/isp2-sfe.infd.edu.ar\/sitio\/matriculacion-2\/","title":{"rendered":"Matriculaci\u00f3n"},"content":{"rendered":"<p><u><b>Matriculaci\u00f3n para asignaturas del <\/b><\/u><u><b>2\u00ba cuatrimestre 2019<\/b><\/u><\/p>\n<p>&nbsp;<\/p>\n<p>PARA ALUMNOS DE 2\u00ba, 3\u00ba y 4\u00ba A\u00d1O<\/p>\n<p>SE REALIZAR\u00c1 VIA WEB (<a href=\"http:\/\/www.isp2rafaela.edu.ar\/login.aspx\">www.isp2rafaela.edu.ar<\/a>) \u00fanicamente\u00a0 del<b> 02\/08 al 05\/08<\/b><\/p>\n<p>&nbsp;<\/p>\n<p><u>DEBER\u00c1N<\/u>:<\/p>\n<p>* SELECCIONAR LAS ASIGNATURAS \/ TALLERES A CURSAR CON SUS RESPECTIVAS CATEGORIAS<\/p>\n<p>* GUARDAR<\/p>\n<p>* IMPRIMIR<\/p>\n<p>* PRESENTAR LA PLANILLA EN DPTO. DE ALUMNOS \u00a0hasta el 05\/08\/2019.<\/p>\n","protected":false},"excerpt":{"rendered":"<p>Matriculaci\u00f3n para asignaturas del 2\u00ba cuatrimestre 2019 &nbsp; PARA ALUMNOS DE 2\u00ba, 3\u00ba y 4\u00ba A\u00d1O SE REALIZAR\u00c1 VIA WEB (www.isp2rafaela.edu.ar) \u00fanicamente\u00a0 del 02\/08 al 05\/08 &nbsp; DEBER\u00c1N: * SELECCIONAR LAS ASIGNATURAS \/ TALLERES A CURSAR CON SUS RESPECTIVAS CATEGORIAS * GUARDAR * IMPRIMIR * PRESENTAR LA PLANILLA EN DPTO. DE ALUMNOS \u00a0hasta el 05\/08\/2019.<\/p>\n","protected":false},"author":3998,"featured_media":0,"parent":0,"menu_order":0,"comment_status":"closed","ping_status":"closed","template":"","meta":[],"acf":[],"_links":{"self":[{"href":"https:\/\/isp2-sfe.infd.edu.ar\/sitio\/wp-json\/wp\/v2\/pages\/2094"}],"collection":[{"href":"https:\/\/isp2-sfe.infd.edu.ar\/sitio\/wp-json\/wp\/v2\/pages"}],"about":[{"href":"https:\/\/isp2-sfe.infd.edu.ar\/sitio\/wp-json\/wp\/v2\/types\/page"}],"author":[{"embeddable":true,"href":"https:\/\/isp2-sfe.infd.edu.ar\/sitio\/wp-json\/wp\/v2\/users\/3998"}],"replies":[{"embeddable":true,"href":"https:\/\/isp2-sfe.infd.edu.ar\/sitio\/wp-json\/wp\/v2\/comments?post=2094"}],"version-history":[{"count":2,"href":"https:\/\/isp2-sfe.infd.edu.ar\/sitio\/wp-json\/wp\/v2\/pages\/2094\/revisions"}],"predecessor-version":[{"id":2437,"href":"https:\/\/isp2-sfe.infd.edu.ar\/sitio\/wp-json\/wp\/v2\/pages\/2094\/revisions\/2437"}],"wp:attachment":[{"href":"https:\/\/isp2-sfe.infd.edu.ar\/sitio\/wp-json\/wp\/v2\/media?parent=2094"}],"curies":[{"name":"wp","href":"https:\/\/api.w.org\/{rel}","templated":true}]}}