{"id":2048,"date":"2018-08-31T16:50:37","date_gmt":"2018-08-31T19:50:37","guid":{"rendered":"https:\/\/isp2-sfe.infd.edu.ar\/sitio\/tecnico-superior-en-desarrollo-de-software\/"},"modified":"2023-06-26T17:57:13","modified_gmt":"2023-06-26T20:57:13","slug":"tecnico-superior-en-desarrollo-de-software","status":"publish","type":"page","link":"https:\/\/isp2-sfe.infd.edu.ar\/sitio\/tecnico-superior-en-desarrollo-de-software\/","title":{"rendered":"T\u00e9cnicatura en Desarrollo de Software"},"content":{"rendered":"<div>\n<p><img decoding=\"async\" loading=\"lazy\" class=\"size-full wp-image-2733 aligncenter\" src=\"https:\/\/isp2-sfe.infd.edu.ar\/sitio\/wp-content\/uploads\/2020\/10\/logo-software.png\" alt=\"\" width=\"559\" height=\"397\" \/><\/p>\n<h4><span style=\"font-size: 12pt;\">TITULO A OTORGAR: T\u00e9cnico Superior en Desarrollo de Software<\/span><\/h4>\n<h4><span style=\"font-size: 12pt;\">DURACI\u00d3N DE LA CARRERA: 3 a\u00f1os.<br \/>\n<\/span><\/h4>\n<h4>Jefatura de Secci\u00f3n: N\u00e9stor G\u00f3mez<\/h4>\n<h4><span style=\"font-size: 12pt;\">\u00a0<\/span><\/h4>\n<div>Un profe y un estudiante te van a brindar mas informaci\u00f3n que puede ayudar a orientarte en tu elecci\u00f3n.<\/div>\n<div><a href=\"https:\/\/www.youtube.com\/watch?v=KoSqU_gcftM\" target=\"_blank\" rel=\"noopener noreferrer\">https:\/\/www.youtube.com\/watch?v=KoSqU_gcftM<\/a><\/div>\n<p>&nbsp;<\/p>\n<p><strong>RESE\u00d1A<\/strong><\/p>\n<p><span style=\"font-size: 12pt;\">El T\u00e9cnico Superior en Desarrollo de Software ser\u00e1 capaz de utilizar las herramientas inform\u00e1ticas existentes y hacerlas funcionar de manera eficaz y eficiente, contemplando en su formaci\u00f3n distintas \u00e1reas de conocimiento, entre las cuales se encuentran: programaci\u00f3n, metodolog\u00edas de desarrollo, arquitectura y redes, dise\u00f1o de sistemas, bases de datos, direcci\u00f3n de proyectos inform\u00e1ticos, siendo imprescindible que en su formaci\u00f3n profesional adquiera las capacidades para adaptarse a los cambios constantes en la materia, con un perfil creativo e innovador y con mentalidad de trabajo en equipo.<\/span><\/p>\n<p><span style=\"font-size: 12pt;\">Con esta formaci\u00f3n se encontrar\u00e1 capacitado para producir artefactos de software, lo que comprende su dise\u00f1o detallado, construcci\u00f3n y verificaci\u00f3n unitaria, as\u00ed como su depuraci\u00f3n, optimizaci\u00f3n y mantenimiento; desarrollando las actividades descriptas en el perfil profesional y cumpliendo con los criterios de realizaci\u00f3n establecidos para las mismas en el marco de un equipo de trabajo organizado por proyecto. Entendiendo como artefacto de software cualquier parte del software (es decir modelos\/descripciones) desarrollado y utilizado durante el desarrollo y mantenimiento de software, tales como: modelos de arquitectura y de dise\u00f1o, c\u00f3digo de fuente y ejecutable (programas), instrucciones de configuraci\u00f3n, datos de prueba, scrips de prueba, modelos de proceso, planes de proyecto, u otra documentaci\u00f3n pertinente<\/span><\/p>\n<p><span style=\"font-size: 12pt;\">\u00a0<\/span><\/p>\n<p><strong><span style=\"font-size: 12pt;\">PERFIL DEL EGRESADO<\/span><\/strong><\/p>\n<p><span style=\"font-size: 12pt;\">\u00a0<\/span><\/p>\n<p><span style=\"font-size: 12pt;\">Los T\u00e9cnicos Superiores en Desarrollo de Software tendr\u00e1n capacidad para:<\/span><\/p>\n<p><span style=\"font-size: 12pt;\">Desarrollar una formaci\u00f3n t\u00e9cnica y profesional espec\u00edfica para producir artefactos de software con todo lo que ello comprende<\/span><\/p>\n<p><span style=\"font-size: 12pt;\">Reconocer las pr\u00e1cticas y los procedimientos comunes en los entornos organizacionales para favorecer la administraci\u00f3n de la informaci\u00f3n y el desarrollo de software.<\/span><\/p>\n<p><span style=\"font-size: 12pt;\">Desarrollar habilidades que integren conocimientos te\u00f3rico-pr\u00e1cticos, capacidad de an\u00e1lisis cr\u00edtico, resoluci\u00f3n de problemas y toma de decisiones en contextos complejos de incertidumbre; que comprende a la sociedad como una construcci\u00f3n humana dotada con el tiempo, el espacio\u00a0 la historia.<\/span><\/p>\n<p><span style=\"font-size: 12pt;\">Operar de modo amplio y aut\u00f3nomo en el \u00e1mbito local y regional a trav\u00e9s de la formaci\u00f3n en el \u00e1rea de desarrollo de software.<\/span><\/p>\n<p><span style=\"font-size: 12pt;\">Gestionar saberes que permitan adaptarse a los r\u00e1pidos adelantos de las tecnolog\u00edas de la informaci\u00f3n y la comunicaci\u00f3n y actuar con flexibilidad y disposici\u00f3n para aprender a aprender durante toda la vida.<\/span><\/p>\n<p><span style=\"font-size: 12pt;\">Lograr una actitud \u00e9tica y preparaci\u00f3n para ser ciudadano activo, responsable y comprometido con la realidad, entendiendo y atendiendo a las demandas y necesidades del contexto socio productivo en el cual se desarrolla, aplicando las normas de sostenibilidad ambiental, con una mirada integral y cuidadosa del medio ambiente<\/span><\/p>\n<p><span style=\"font-size: 12pt;\">Desarrollar habilidades comunicativas, sociales y laborales que favorezcan el trabajo en equipo, promuevan la motivaci\u00f3n y liderazgo a nivel personal y tambi\u00e9n se orienten al logro de los objetivos de la organizaci\u00f3n.<\/span><\/p>\n<p><span style=\"font-size: 12pt;\">Desarrollar capacidades emprendedoras requeridas para ser protagonistas de procesos de cambio, dirigidos a mejorar la empleabilidad, la productividad y la construcci\u00f3n de sus propios proyectos ocupacionales.<\/span><\/p>\n<p><span style=\"font-size: 12pt;\">\u00a0<\/span><\/p>\n<p><strong>ESTRUCTURA DE LA CARRERA:<\/strong><\/p>\n<p>2720 Horas c\u00e1tedras-1813 horas reloj<\/p>\n<p><span style=\"font-size: 12pt;\">\u00a0<\/span><\/p>\n<p><strong><span style=\"font-size: 12pt;\">Plan de estudios<\/span><\/strong><\/p>\n<p><span style=\"font-size: 12pt;\">1\u00b0 a\u00f1o<\/span><\/p>\n<p><span style=\"font-size: 12pt;\">\u00a0<\/span><\/p>\n<p><span style=\"font-size: 12pt;\">Comunicaci\u00f3n<\/span><\/p>\n<p><span style=\"font-size: 12pt;\">Unidad de Definici\u00f3n Institucional I<\/span><\/p>\n<p><span style=\"font-size: 12pt;\">Ingl\u00e9s T\u00e9cnico I<\/span><\/p>\n<p><span style=\"font-size: 12pt;\">Matem\u00e1tica<\/span><\/p>\n<p><span style=\"font-size: 12pt;\">Administraci\u00f3n<\/span><\/p>\n<p><span style=\"font-size: 12pt;\">Tecnolog\u00eda de la Informaci\u00f3n<\/span><\/p>\n<p><span style=\"font-size: 12pt;\">L\u00f3gica y Estructura de Datos<\/span><\/p>\n<p><span style=\"font-size: 12pt;\">Ingenier\u00eda de Software I<\/span><\/p>\n<p><span style=\"font-size: 12pt;\">Sistemas Operativos<\/span><\/p>\n<p><span style=\"font-size: 12pt;\">\u00a0<\/span><\/p>\n<p><strong><span style=\"font-size: 12pt;\">2\u00b0 a\u00f1o<\/span><\/strong><\/p>\n<p><span style=\"font-size: 12pt;\">\u00a0<\/span><\/p>\n<p><span style=\"font-size: 12pt;\">Problem\u00e1ticas Socio-Contempor\u00e1neas<\/span><\/p>\n<p><span style=\"font-size: 12pt;\">Unidad de Definici\u00f3n Institucional II<\/span><\/p>\n<p><span style=\"font-size: 12pt;\">Ingl\u00e9s T\u00e9cnico II<\/span><\/p>\n<p><span style=\"font-size: 12pt;\">Innovaci\u00f3n y Desarrollo Emprendedor<\/span><\/p>\n<p><span style=\"font-size: 12pt;\">Estad\u00edstica<\/span><\/p>\n<p><span style=\"font-size: 12pt;\">Programaci\u00f3n I<\/span><\/p>\n<p><span style=\"font-size: 12pt;\">Ingenier\u00eda de Software II<\/span><\/p>\n<p><span style=\"font-size: 12pt;\">Base de Datos I<\/span><\/p>\n<p><span style=\"font-size: 12pt;\">Pr\u00e1ctica Profesionalizante I<\/span><\/p>\n<p><span style=\"font-size: 12pt;\">\u00a0<\/span><\/p>\n<p><strong><span style=\"font-size: 12pt;\">3\u00b0 a\u00f1o<\/span><\/strong><\/p>\n<p><span style=\"font-size: 12pt;\">\u00a0<\/span><\/p>\n<p><span style=\"font-size: 12pt;\">\u00c9tica y Responsabilidad Social<\/span><\/p>\n<p><span style=\"font-size: 12pt;\">Derecho y Legislaci\u00f3n Laboral<\/span><\/p>\n<p><span style=\"font-size: 12pt;\">Redes y Comunicaci\u00f3n<\/span><\/p>\n<p><span style=\"font-size: 12pt;\">Programaci\u00f3n II<\/span><\/p>\n<p><span style=\"font-size: 12pt;\">Gesti\u00f3n de Proyectos de Software<\/span><\/p>\n<p><span style=\"font-size: 12pt;\">Base de Datos II<\/span><\/p>\n<p><span style=\"font-size: 12pt;\">Pr\u00e1ctica Profesionalizante II<\/span><\/p>\n<p><span style=\"font-size: 12pt;\">\u00a0<\/span><\/p>\n<p><strong><span style=\"font-size: 12pt;\">REQUISITOS DE INGRESO:<\/span><\/strong><\/p>\n<p><span style=\"font-size: 12pt;\">\u00a0<\/span><\/p>\n<p><span style=\"font-size: 12pt;\">T\u00edtulo de Nivel Medio &#8211; Fotocopia legalizada. No adeudar materias de Escuela Secundaria a Diciembre del a\u00f1o de ingreso.<\/span><\/p>\n<p><span style=\"font-size: 12pt;\">Certificado Laboral (si trabaja).<\/span><\/p>\n<p><span style=\"font-size: 12pt;\">Certificado de Salud (extendido por organismo oficial).<\/span><\/p>\n<p><span style=\"font-size: 12pt;\">2 fotos 4&#215;4 tipo carnet actualizada (apellido y nombre al dorso).<\/span><\/p>\n<p><span style=\"font-size: 12pt;\">1era y 2da hoja del DNI &#8211; Fotocopia legalizada.<\/span><\/p>\n<p>&nbsp;<\/p>\n<\/div>\n","protected":false},"excerpt":{"rendered":"<p>TITULO A OTORGAR: T\u00e9cnico Superior en Desarrollo de Software DURACI\u00d3N DE LA CARRERA: 3 a\u00f1os. Jefatura de Secci\u00f3n: N\u00e9stor G\u00f3mez \u00a0 Un profe y un estudiante te van a brindar mas informaci\u00f3n que puede ayudar a orientarte en tu elecci\u00f3n. https:\/\/www.youtube.com\/watch?v=KoSqU_gcftM &nbsp; RESE\u00d1A El T\u00e9cnico Superior en Desarrollo de Software ser\u00e1 capaz de utilizar las &#8230; <a title=\"T\u00e9cnicatura en Desarrollo de Software\" class=\"read-more\" href=\"https:\/\/isp2-sfe.infd.edu.ar\/sitio\/tecnico-superior-en-desarrollo-de-software\/\" aria-label=\"More on T\u00e9cnicatura en Desarrollo de Software\">[+]<\/a><\/p>\n","protected":false},"author":3998,"featured_media":0,"parent":0,"menu_order":0,"comment_status":"closed","ping_status":"closed","template":"","meta":[],"acf":[],"_links":{"self":[{"href":"https:\/\/isp2-sfe.infd.edu.ar\/sitio\/wp-json\/wp\/v2\/pages\/2048"}],"collection":[{"href":"https:\/\/isp2-sfe.infd.edu.ar\/sitio\/wp-json\/wp\/v2\/pages"}],"about":[{"href":"https:\/\/isp2-sfe.infd.edu.ar\/sitio\/wp-json\/wp\/v2\/types\/page"}],"author":[{"embeddable":true,"href":"https:\/\/isp2-sfe.infd.edu.ar\/sitio\/wp-json\/wp\/v2\/users\/3998"}],"replies":[{"embeddable":true,"href":"https:\/\/isp2-sfe.infd.edu.ar\/sitio\/wp-json\/wp\/v2\/comments?post=2048"}],"version-history":[{"count":2,"href":"https:\/\/isp2-sfe.infd.edu.ar\/sitio\/wp-json\/wp\/v2\/pages\/2048\/revisions"}],"predecessor-version":[{"id":2734,"href":"https:\/\/isp2-sfe.infd.edu.ar\/sitio\/wp-json\/wp\/v2\/pages\/2048\/revisions\/2734"}],"wp:attachment":[{"href":"https:\/\/isp2-sfe.infd.edu.ar\/sitio\/wp-json\/wp\/v2\/media?parent=2048"}],"curies":[{"name":"wp","href":"https:\/\/api.w.org\/{rel}","templated":true}]}}