{"id":2032,"date":"2018-08-31T16:50:30","date_gmt":"2018-08-31T19:50:30","guid":{"rendered":"https:\/\/isp2-sfe.infd.edu.ar\/sitio\/biografia-de-joaquin-v-gonzalez\/"},"modified":"2023-06-26T17:57:13","modified_gmt":"2023-06-26T20:57:13","slug":"biografia-de-joaquin-v-gonzalez","status":"publish","type":"page","link":"https:\/\/isp2-sfe.infd.edu.ar\/sitio\/biografia-de-joaquin-v-gonzalez\/","title":{"rendered":"Biograf\u00eda de Joaqu\u00edn V. Gonz\u00e1lez"},"content":{"rendered":"<p style=\"text-align: justify;\"><span style=\"color: #808080;\">Naci&oacute; en <\/span><a title=\"Nonogasta\" href=\"http:\/\/es.wikipedia.org\/wiki\/Nonogasta\"><span style=\"color: #808080;\">Nonogasta<\/span><\/a><span style=\"color: #808080;\"> (La R<\/span><span style=\"color: #808080;\">ioja)<\/span><span style=\"color: #808080;\">&nbsp;<\/span><span style=\"color: #808080;\">un&nbsp;<\/span><a title=\"6 de marzo\" href=\"http:\/\/es.wikipedia.org\/wiki\/6_de_marzo\"><span style=\"color: #808080;\">6 de marzo<\/span><\/a><span style=\"color: #808080;\">&nbsp;de&nbsp;<\/span><a title=\"1863\" href=\"http:\/\/es.wikipedia.org\/wiki\/1863\"><span style=\"color: #808080;\">1863<\/span><\/a><span style=\"color: #808080;\">. Prominente pol&iacute;tico, historiador, educador, mas&oacute;n, fil&oacute;sofo, jurista y literato&nbsp;<\/span><a title=\"Argentina\" href=\"http:\/\/es.wikipedia.org\/wiki\/Argentina\"><span style=\"color: #808080;\">argentino<\/span><\/a><span style=\"color: #808080;\">, gobernador de&nbsp;<\/span><a title=\"Provincia de La Rioja (Argentina)\" href=\"http:\/\/es.wikipedia.org\/wiki\/Provincia_de_La_Rioja_(Argentina)\"><span style=\"color: #808080;\">La Rioja<\/span><\/a><span style=\"color: #808080;\">, su provincia natal,<\/span><span style=\"color: #808080;\">&nbsp;y varias veces&nbsp;<\/span><a title=\"Ministerios de Argentina\" href=\"http:\/\/es.wikipedia.org\/wiki\/Ministerios_de_Argentina\"><span style=\"color: #808080;\">ministro<\/span><\/a><span style=\"color: #808080;\">, fue el fundador de la&nbsp;<\/span><a title=\"Universidad de La Plata\" href=\"http:\/\/es.wikipedia.org\/wiki\/Universidad_de_La_Plata\"><span style=\"color: #808080;\">Universidad de La Plata<\/span><\/a><span style=\"color: #808080;\">&nbsp;y del Instituto Superior del Profesorado&nbsp;<\/span><img decoding=\"async\" style=\"color: #808080; float: right; border: initial initial initial;\" src=\"https:\/\/isp2-sfe.infd.edu.ar\/sitio\/wp-content\/uploads\/2018\/08\/gonzalez.jpg\" border=\"0\" alt=\"Retrato de Joaqu&iacute;n V. Gonz&aacute;lez\" title=\"Retrato de Joaqu&iacute;n V. Gonz&aacute;lez\"><span style=\"color: #808080;\">de Buenos Aires. Fue adem&aacute;s miembro de la&nbsp;<\/span><a title=\"Real Academia Espa&ntilde;ola\" href=\"http:\/\/es.wikipedia.org\/wiki\/Real_Academia_Espa%C3%B1ola\"><span style=\"color: #808080;\">Real Academia Espa&ntilde;ola<\/span><\/a><span style=\"color: #808080;\">&nbsp;y de la&nbsp;<\/span><a title=\"Corte Permanente de Arbitraje\" href=\"http:\/\/es.wikipedia.org\/wiki\/Corte_Permanente_de_Arbitraje\"><span style=\"color: #808080;\">Corte Permanente de Arbitraje<\/span><\/a><span style=\"color: #808080;\">&nbsp;internacional de&nbsp;<\/span><a title=\"La Haya\" href=\"http:\/\/es.wikipedia.org\/wiki\/La_Haya\"><span style=\"color: #808080;\">La Haya<\/span><\/a><span style=\"color: #808080;\">. Falleci&oacute; siendo&nbsp;<\/span><a title=\"Senado de la Naci&oacute;n Argentina\" href=\"http:\/\/es.wikipedia.org\/wiki\/Senado_de_la_Naci%C3%B3n_Argentina\"><span style=\"color: #808080;\">Senador de la Naci&oacute;n<\/span><\/a><span style=\"color: #808080;\">, en&nbsp;<\/span><a title=\"Buenos Aires\" href=\"http:\/\/es.wikipedia.org\/wiki\/Buenos_Aires\"><span style=\"color: #808080;\">Buenos Aires<\/span><\/a><span style=\"color: #808080;\"> un&nbsp;<\/span><a title=\"21 de diciembre\" href=\"http:\/\/es.wikipedia.org\/wiki\/21_de_diciembre\"><span style=\"color: #808080;\">21 de diciembre<\/span><\/a><span style=\"color: #808080;\">&nbsp;de&nbsp;<\/span><a title=\"1923\" href=\"http:\/\/es.wikipedia.org\/wiki\/1923\"><span style=\"color: #808080;\">1923<\/span><\/a><span style=\"color: #808080;\">.<\/span><\/p>\n<p style=\"text-align: justify;\"><span style=\"color: #808080;\">Estudi&oacute; en&nbsp;<\/span><a title=\"C&oacute;rdoba (Argentina)\" href=\"http:\/\/es.wikipedia.org\/wiki\/C%C3%B3rdoba_(Argentina)\"><span style=\"color: #808080;\">C&oacute;rdoba<\/span><\/a><span style=\"color: #808080;\">&nbsp;en el Colegio de Monserrat, y a los 18 a&ntilde;os inici&oacute; labores period&iacute;sticas colaborando en varios diarios locales, como&nbsp;<em>El Interior<\/em>&nbsp;y&nbsp;<em>El Progreso<\/em>, as&iacute; como en&nbsp;<em>La Revista de C&oacute;rdoba<\/em>. M&aacute;s tarde dict&oacute; clases de Historia, Geograf&iacute;a y Franc&eacute;s en la Escuela Normal de esa ciudad.<\/span><\/p>\n<p style=\"text-align: justify;\"><span style=\"color: #808080;\">A los 22 a&ntilde;os, comenz&oacute; a escribir su tesis doctoral:&nbsp;<em>Estudios sobre la Revoluci&oacute;n<\/em>, fund&oacute; el diario&nbsp;<em>La Propaganda<\/em>&nbsp;y fue elegido presidente del Club Universitario Estudiantil.<\/span><\/p>\n<p style=\"text-align: justify;\"><span style=\"color: #808080;\">Luego de doctorarse en&nbsp;<\/span><a title=\"Jurisprudencia\" href=\"http:\/\/es.wikipedia.org\/wiki\/Jurisprudencia\"><span style=\"color: #808080;\">Jurisprudencia<\/span><\/a><span style=\"color: #808080;\">&nbsp;en el a&ntilde;o 1886, regres&oacute; a La Rioja contratado por el gobierno para estudiar un problema lim&iacute;trofe entre esa provincia y la de&nbsp;<\/span><a title=\"Provincia de C&oacute;rdoba (Argentina)\" href=\"http:\/\/es.wikipedia.org\/wiki\/Provincia_de_C%C3%B3rdoba_(Argentina)\"><span style=\"color: #808080;\">C&oacute;rdoba<\/span><\/a><span style=\"color: #808080;\">. Ese mismo a&ntilde;o fue elegido diputado nacional, aun sin tener la edad requerida para desempe&ntilde;ar dicho cargo, que tambi&eacute;n ocupar&iacute;a durante los per&iacute;odos 1886-1889 y 1898-1901.<\/span><\/p>\n<p style=\"text-align: justify;\"><span style=\"color: #808080;\">En 1887, siendo uno de los m&aacute;s prominentes juristas de la Argentina, es designado miembro de la&nbsp;<em>Comisi&oacute;n de Reforma Constitucional<\/em>&nbsp;y se le encarga la tarea de redactar el&nbsp;<em>proyecto de Constituci&oacute;n<\/em>&nbsp;para la provincia de La Rioja. Ese mismo a&ntilde;o publica su primera obra historiogr&aacute;fica:&nbsp;<em>La Revoluci&oacute;n de la Independencia Argentina<\/em>, ingresa al diario&nbsp;<\/span><a title=\"La Prensa (Argentina)\" href=\"http:\/\/es.wikipedia.org\/wiki\/La_Prensa_(Argentina)\"><span style=\"color: #808080;\">La Prensa<\/span><\/a><span style=\"color: #808080;\">&nbsp;de Buenos Aires y es nombrado primer profesor de la c&aacute;tedra de&nbsp;<em>Derechos de Minas<\/em>.<\/span><\/p>\n<p style=\"text-align: justify;\"><span style=\"color: #808080;\">En 1889, antes de terminar su per&iacute;odo legal de diputado, es electo gobernador de su provincia, cargo al que renuncia al cabo de dos a&ntilde;os para dedicarse de lleno a su actividad de escritor y periodista. Por entonces publica su obra emblem&aacute;tica:&nbsp;<em>La Tradici&oacute;n nacional<\/em>, donde vincula el paisaje, el folklore, la sociolog&iacute;a y la historia del pa&iacute;s. En 1894 es designado titular de la c&aacute;tedra de&nbsp;<em>Legislaci&oacute;n de Minas<\/em>, y en 1896 accede al&nbsp;<\/span><a title=\"Consejo Nacional de Educaci&oacute;n (Argentina) (a&uacute;n no redactado)\" href=\"http:\/\/es.wikipedia.org\/w\/index.php?title=Consejo_Nacional_de_Educaci%C3%B3n_(Argentina)&amp;action=edit&amp;redlink=1\"><span style=\"color: #808080;\">Consejo Nacional de Educaci&oacute;n<\/span><\/a><span style=\"color: #808080;\">&nbsp;siendo adem&aacute;s acad&eacute;mico titular de la&nbsp;<\/span><a title=\"Facultad de Filosof&iacute;a y Letras (UBA)\" href=\"http:\/\/es.wikipedia.org\/wiki\/Facultad_de_Filosof%C3%ADa_y_Letras_(UBA)\"><span style=\"color: #808080;\">Facultad de Filosof&iacute;a y Letras<\/span><\/a><span style=\"color: #808080;\">&nbsp;de la&nbsp;<\/span><a title=\"Universidad de Buenos Aires\" href=\"http:\/\/es.wikipedia.org\/wiki\/Universidad_de_Buenos_Aires\"><span style=\"color: #808080;\">Universidad de Buenos Aires<\/span><\/a><span style=\"color: #808080;\">.<\/span><\/p>\n<p style=\"text-align: justify;\"><span style=\"color: #808080;\">En&nbsp;<\/span><a title=\"1901\" href=\"http:\/\/es.wikipedia.org\/wiki\/1901\"><span style=\"color: #808080;\">1901<\/span><\/a><span style=\"color: #808080;\">&nbsp;el presidente&nbsp;<\/span><a title=\"Julio Argentino Roca\" href=\"http:\/\/es.wikipedia.org\/wiki\/Julio_Argentino_Roca\"><span style=\"color: #808080;\">Roca<\/span><\/a><span style=\"color: #808080;\">&nbsp;lo design&oacute;&nbsp;<\/span><a title=\"Ministro del Interior\" href=\"http:\/\/es.wikipedia.org\/wiki\/Ministro_del_Interior\"><span style=\"color: #808080;\">Ministro del Interior<\/span><\/a><span style=\"color: #808080;\">, para lo cual debi&oacute; renunciar a su banca de diputado. Al mismo tiempo se hizo cargo en forma interina de los ministerios de&nbsp;<em>Justicia e Instrucci&oacute;n P&uacute;blica<\/em>&nbsp;y de&nbsp;<em>Gobierno y Relaciones Exteriores<\/em>. No por esto abandon&oacute; su labor acad&eacute;mica, dictando discursos magistrales recordados por a&ntilde;os, como el pronunciado en la&nbsp;<\/span><a title=\"Facultad de Derecho (UBA)\" href=\"http:\/\/es.wikipedia.org\/wiki\/Facultad_de_Derecho_(UBA)\"><span style=\"color: #808080;\">Facultad de Derecho<\/span><\/a><span style=\"color: #808080;\">&nbsp;en&nbsp;<\/span><a title=\"1902\" href=\"http:\/\/es.wikipedia.org\/wiki\/1902\"><span style=\"color: #808080;\">1902<\/span><\/a><span style=\"color: #808080;\">&nbsp;sobre&nbsp;<em>El ideal de la Justicia y la vida contempor&aacute;nea<\/em>. Siendo ministro esboz&oacute; un proyecto de reforma electoral por circunscripciones, uninominal, el que convertido en ley, se tradujo en la descentralizaci&oacute;n comicial gracias a la cual fue electo&nbsp;<\/span><a title=\"Alfredo Lorenzo Palacios\" href=\"http:\/\/es.wikipedia.org\/wiki\/Alfredo_Lorenzo_Palacios\"><span style=\"color: #808080;\">Alfredo Palacios<\/span><\/a><span style=\"color: #808080;\">, primer diputado socialista de la Argentina y de Latinoam&eacute;rica. Gonz&aacute;lez fue, en el aspecto pol&iacute;tico, de lineamiento sumamente conservador. En una oportunidad, cuando se le pregunt&oacute; qu&eacute; opinaba del sufragio universal, respondi&oacute;: \u00ab<em>es el triunfo de la ignorancia universal<\/em>!\u00bb<\/span><\/p>\n<p style=\"text-align: justify;\"><span style=\"color: #808080;\">El presidente&nbsp;<\/span><a title=\"Manuel Quintana\" href=\"http:\/\/es.wikipedia.org\/wiki\/Manuel_Quintana\"><span style=\"color: #808080;\">Manuel Quintana<\/span><\/a><span style=\"color: #808080;\">&nbsp;lo design&oacute; nuevamente Ministro de Justicia e Instrucci&oacute;n P&uacute;blica en&nbsp;<\/span><a title=\"1904\" href=\"http:\/\/es.wikipedia.org\/wiki\/1904\"><span style=\"color: #808080;\">1904<\/span><\/a><span style=\"color: #808080;\">, cargo desde el cual&nbsp;<strong>Joaqu&iacute;n V. Gonz&aacute;lez <\/strong>cre&oacute; el&nbsp;<em>Seminario Pedag&oacute;gico<\/em>, m&aacute;s tarde llamado&nbsp;<em>Instituto Nacional del Profesorado Secundario<\/em>&nbsp;de Buenos Aires, el cual cont&oacute; con un numeroso plantel de profesores extranjeros &ndash;en su mayor&iacute;a de&nbsp;<\/span><a title=\"Alemania\" href=\"http:\/\/es.wikipedia.org\/wiki\/Alemania\"><span style=\"color: #808080;\">Alemania<\/span><\/a><span style=\"color: #808080;\">&ndash; y que actualmente lleva su nombre. Al a&ntilde;o siguiente crea la moderna&nbsp;<\/span><a title=\"Universidad de La Plata\" href=\"http:\/\/es.wikipedia.org\/wiki\/Universidad_de_La_Plata\"><span style=\"color: #808080;\">Universidad de La Plata<\/span><\/a><span style=\"color: #808080;\">, conforme a los progresos de la ciencia de la &eacute;poca. Tras la muerte de Quintana,&nbsp;<\/span><a title=\"Jos&eacute; Figueroa Alcorta\" href=\"http:\/\/es.wikipedia.org\/wiki\/Jos%C3%A9_Figueroa_Alcorta\"><span style=\"color: #808080;\">Figueroa Alcorta<\/span><\/a><span style=\"color: #808080;\">&nbsp;le asigna el cargo de&nbsp;<em>Presidente<\/em>&nbsp;de dicha Universidad, m&aacute;s tarde denominado&nbsp;<em>Rector<\/em>, puesto que ocupa hasta&nbsp;<\/span><a title=\"1918\" href=\"http:\/\/es.wikipedia.org\/wiki\/1918\"><span style=\"color: #808080;\">1918<\/span><\/a><span style=\"color: #808080;\">. Al abandonar este cargo, es despedido apote&oacute;ticamente en el&nbsp;<\/span><a title=\"Teatro Argentino de La Plata\" href=\"http:\/\/es.wikipedia.org\/wiki\/Teatro_Argentino_de_La_Plata\"><span style=\"color: #808080;\">Teatro Argentino de La Plata<\/span><\/a><span style=\"color: #808080;\">.<\/span><\/p>\n<p style=\"text-align: justify;\"><span style=\"color: #808080;\">De regreso en Buenos Aires, vuelve a las aulas de la Universidad ense&ntilde;ando&nbsp;<em>Derecho Constitucional Americano<\/em>,&nbsp;<em>Derecho Institucional P&uacute;blico<\/em>&nbsp;e&nbsp;<em>Historia de la Diplomacia Argentina<\/em>, a la vez que colabora con el diario&nbsp;<\/span><a title=\"La Naci&oacute;n (Argentina)\" href=\"http:\/\/es.wikipedia.org\/wiki\/La_Naci%C3%B3n_(Argentina)\"><span style=\"color: #808080;\">La Naci&oacute;n<\/span><\/a><span style=\"color: #808080;\">&nbsp;de esa ciudad. En&nbsp;<\/span><a title=\"1916\" href=\"http:\/\/es.wikipedia.org\/wiki\/1916\"><span style=\"color: #808080;\">1916<\/span><\/a><span style=\"color: #808080;\">&nbsp;es elegido Senador, cargo que ocupa hasta su muerte en diciembre de 1923. Sus restos fueron trasladados varios a&ntilde;os despu&eacute;s hasta su<\/span><a title=\"Departamento Chilecito\" href=\"http:\/\/es.wikipedia.org\/wiki\/Departamento_Chilecito\"><span style=\"color: #808080;\">Chilecito<\/span><\/a><span style=\"color: #808080;\">&nbsp;natal.<\/span><\/p>\n<p style=\"text-align: justify;\"><span style=\"color: #808080;\">Reconocido como uno de los m&aacute;s ilustres hombres de la Argentina,&nbsp;<strong>Joaqu&iacute;n V. Gonz&aacute;lez<\/strong>&nbsp;fue miembro acad&eacute;mico corresponsal de la&nbsp;<\/span><a title=\"Real Academia Espa&ntilde;ola\" href=\"http:\/\/es.wikipedia.org\/wiki\/Real_Academia_Espa%C3%B1ola\"><span style=\"color: #808080;\">Real Academia Espa&ntilde;ola de la Lengua<\/span><\/a><span style=\"color: #808080;\">&nbsp;desde 1906, y form&oacute; parte de la Corte Internacional de Arbitraje de La Haya en 1921.<\/span><\/p>\n<p><span style=\"color: #808080;\"> <\/span><\/p>\n<p style=\"text-align: justify;\"><span style=\"color: #808080;\">No naci&oacute; en uno de los importantes centros de poblaci&oacute;n o de comercio de la Rep&uacute;blica Argentina, sino en una de sus m&aacute;s apartadas provincias, La Rioja, regi&oacute;n que exhibe majestuosas bellezas naturales, las cuales fueron la inspiraci&oacute;n de las producciones literarias con que el doctor Gonz&aacute;lez se inici&oacute; en el cultivo de las letras y de la literatura, dando a conocer el s&oacute;lido talento art&iacute;stico que lo destac&oacute;.<\/span><\/p>\n<p style=\"text-align: justify;\"><span style=\"color: #808080;\">Su producci&oacute;n intelectual es acaso una de las m&aacute;s vastas. Sus facultades intelectuales presentan un raro paralelismo: armon&iacute;a de imaginaci&oacute;n creadora con imaginaci&oacute;n constructora \u00abMis Monta&ntilde;as\u00bb, \u00abLa Tradici&oacute;n Nacional\u00bb, \u00abHistorias\u00bb, \u00abCuentos\u00bb, encierran siempre el colorido del paisaje, el sabor de la tierra, todas las percepciones naturales de un pa&iacute;s de r&iacute;gidas monta&ntilde;as, desolados y verdeantes valles, horizontes azules y leyendas locales, modificadas por los elementos de su fantas&iacute;a.<\/span><\/p>\n<p style=\"text-align: justify;\"><span style=\"color: #808080;\">En cambio en<\/span><span style=\"color: #808080;\">&nbsp;su \u00bb Manual de la Constituci&oacute;n Argentina\u00bb -obra fundamental de ejercicio constitucional<\/span><span style=\"color: #808080;\">&nbsp;y comentario m&aacute;s completo sobre la Constituci&oacute;n de la Rep&uacute;blica Argentina- en \u00bb Curso de Legislaci&oacute;n de Minas\u00bb, \u00bb La Reforma electoral\u00bb, \u00abProyecto de Ley Nacional del Tr<\/span><span style=\"color: #808080;\">abajo\u00bb y otras de &iacute;ndole an&aacute;loga, surge el constructor, su rigorismo cien<\/span><span style=\"color: #808080;\">t&iacute;fico.<\/span><\/p>\n<p><img decoding=\"async\" style=\"float: left; border: initial initial initial;\" src=\"https:\/\/isp2-sfe.infd.edu.ar\/sitio\/wp-content\/uploads\/2018\/08\/jvgonzalez.png\" border=\"0\" alt=\"Retrato de Joaqu&iacute;n V. Gonz&aacute;lez\" title=\"Retrato de Joaqu&iacute;n V. Gonz&aacute;lez\"><\/p>\n<div><\/p>\n<div>\n<p style=\"text-align: justify;\"><span style=\"color: #808080;\">Como orador, sab&iacute;a transmitir la profundidad del concepto y la correcci&oacute;n. En el Parlamento sus<\/span><span style=\"color: #808080;\">&nbsp;producciones o<\/span><span style=\"color: #808080;\">ratorias tenian todas un corte acad&eacute;mico. En la c&aacute;tedra, como en la Tribuna P&uacute;blica, fue siempre el mismo: impasi<\/span><span style=\"color: #808080;\">ble, fr&iacute;o y profundo.<\/span><\/p>\n<\/div>\n<div>\n<p>&nbsp;<\/p>\n<p>&nbsp;<\/p>\n<p>&nbsp;<\/p>\n<p><span style=\"font-size: 8pt; color: #808080;\">Fuentes:<\/span><\/p>\n<p><span style=\"font-size: 8pt;\"><a href=\"http:\/\/es.wikipedia.org\/wiki\/Joaqu%C3%ADn_V%C3%ADctor_Gonz%C3%A1lez\">http:\/\/es.wikipedia.org<\/a><\/span><\/p>\n<p><span style=\"font-size: 8pt;\"><a href=\"http:\/\/www.houssay.org.ar\/hh\/bio\/gonzalez.htm\">http:\/\/www.houssay.org.ar<\/a><\/span><\/p>\n<\/div>\n<\/div>\n","protected":false},"excerpt":{"rendered":"<p>Naci&oacute; en Nonogasta (La Rioja)&nbsp;un&nbsp;6 de marzo&nbsp;de&nbsp;1863. Prominente pol&iacute;tico, historiador, educador, mas&oacute;n, fil&oacute;sofo, jurista y literato&nbsp;argentino, gobernador de&nbsp;La Rioja, su provincia natal,&nbsp;y varias veces&nbsp;ministro, fue el fundador de la&nbsp;Universidad de La Plata&nbsp;y del Instituto Superior del Profesorado&nbsp;de Buenos Aires. Fue adem&aacute;s miembro de la&nbsp;Real Academia Espa&ntilde;ola&nbsp;y de la&nbsp;Corte Permanente de Arbitraje&nbsp;internacional de&nbsp;La Haya. Falleci&oacute; siendo&nbsp;Senador &#8230; <a title=\"Biograf\u00eda de Joaqu\u00edn V. Gonz\u00e1lez\" class=\"read-more\" href=\"https:\/\/isp2-sfe.infd.edu.ar\/sitio\/biografia-de-joaquin-v-gonzalez\/\" aria-label=\"More on Biograf\u00eda de Joaqu\u00edn V. Gonz\u00e1lez\">[+]<\/a><\/p>\n","protected":false},"author":3998,"featured_media":0,"parent":0,"menu_order":0,"comment_status":"closed","ping_status":"closed","template":"","meta":[],"acf":[],"_links":{"self":[{"href":"https:\/\/isp2-sfe.infd.edu.ar\/sitio\/wp-json\/wp\/v2\/pages\/2032"}],"collection":[{"href":"https:\/\/isp2-sfe.infd.edu.ar\/sitio\/wp-json\/wp\/v2\/pages"}],"about":[{"href":"https:\/\/isp2-sfe.infd.edu.ar\/sitio\/wp-json\/wp\/v2\/types\/page"}],"author":[{"embeddable":true,"href":"https:\/\/isp2-sfe.infd.edu.ar\/sitio\/wp-json\/wp\/v2\/users\/3998"}],"replies":[{"embeddable":true,"href":"https:\/\/isp2-sfe.infd.edu.ar\/sitio\/wp-json\/wp\/v2\/comments?post=2032"}],"version-history":[{"count":1,"href":"https:\/\/isp2-sfe.infd.edu.ar\/sitio\/wp-json\/wp\/v2\/pages\/2032\/revisions"}],"predecessor-version":[{"id":4426,"href":"https:\/\/isp2-sfe.infd.edu.ar\/sitio\/wp-json\/wp\/v2\/pages\/2032\/revisions\/4426"}],"wp:attachment":[{"href":"https:\/\/isp2-sfe.infd.edu.ar\/sitio\/wp-json\/wp\/v2\/media?parent=2032"}],"curies":[{"name":"wp","href":"https:\/\/api.w.org\/{rel}","templated":true}]}}