{"id":2006,"date":"2018-08-31T16:50:20","date_gmt":"2018-08-31T19:50:20","guid":{"rendered":"https:\/\/isp2-sfe.infd.edu.ar\/sitio\/disenos-curriculares-2\/"},"modified":"2025-04-24T22:26:47","modified_gmt":"2025-04-25T01:26:47","slug":"disenos-curriculares-2","status":"publish","type":"page","link":"https:\/\/isp2-sfe.infd.edu.ar\/sitio\/disenos-curriculares-2\/","title":{"rendered":"Dise\u00f1os Curriculares"},"content":{"rendered":"<p><strong>Profesorado de Educaci\u00f3n Secundaria en Biolog\u00eda (Plan 2090\/2015)<\/strong><\/p>\n<p>\u00a0Para ver el dise\u00f1o curricular hacer click <a href=\"upload\/2016_RM_2090-_15_ANEXO_II_Biologia.pdf\">aqu\u00ed<\/a><\/p>\n<p>\u00a0<strong>\u00a0<\/strong><\/p>\n<p><strong>Profesorado de Educaci\u00f3n Secundaria en Lengua y Literatura (Plan 514\/2018)<\/strong><\/p>\n<p><strong>\u00a0 \u00a0 \u00a0\u00a0 <\/strong>Para ver el dise\u00f1o curricular hacer click <a href=\"upload\/Nuevo_Prof._Lengua_RM_0514-18.pdf\">aqu\u00ed<\/a><\/p>\n<p>\u00a0<\/p>\n<p><strong>Profesorado de Educaci\u00f3n Secundaria en Matem\u00e1tica (Plan 2090\/2015)<\/strong><\/p>\n<p>\u00a0Para ver el\u00a0dise\u00f1o curricular\u00a0hacer click <a href=\"upload\/2016_RM_2090-_15_ANEXO_VII_Matematica.pdf\">aqu\u00ed<\/a><\/p>\n<p><strong>\u00a0<\/strong><\/p>\n<p><strong>Profesorado de Educaci\u00f3n Secundaria en Geograf\u00eda (Plan 2090\/2015)<\/strong><\/p>\n<p>\u00a0 Para ver el\u00a0dise\u00f1o curricular\u00a0hacer click <a href=\"upload\/2016_RM_2090-15_ANEXO_VI_Geografia.pdf\">aqu\u00ed<\/a><\/p>\n<p><strong>\u00a0<\/strong><\/p>\n<p><strong>Profesorado de Educaci\u00f3n Secundaria en Historia (Plan 1968\/2017)<\/strong><\/p>\n<p>\u00a0 Para ver el\u00a0dise\u00f1o curricular\u00a0hacer click <a href=\"upload\/Disen_o_Curricular_Profesorado_de_Historia.pdf\">aqu\u00ed<\/a><\/p>\n<p><strong>\u00a0<\/strong><\/p>\n<p><strong>Profesorado de Educaci\u00f3n Secundaria en Ingl\u00e9s (Plan 696\/2001)<\/strong><\/p>\n<p>\u00a0 Para ver el\u00a0dise\u00f1o curricular\u00a0hacer click <a href=\"upload\/69601__Ingles_Secundaria.rtf\">aqu\u00ed<\/a><\/p>\n<p><strong>\u00a0<\/strong><\/p>\n<p><strong>Profesorado de Educaci\u00f3n Superior en Ciencias de la Educaci\u00f3n (Plan viejo)<\/strong><\/p>\n<p>\u00a0 Para ver el dise\u00f1o curricular hacer click <a href=\"upload\/26003_Educacin_Superior_en_Cs_de_la_Educacin.doc\">aqu\u00ed<\/a>, se aclara que dadas las modificaciones\u00a0en la denominaci\u00f3n del t\u00edtulo que otorga la carrera seg\u00fan Resoluci\u00f3n N\u00ba \u00a02025\/10, se\u00a0le ha sumado el siguiente documento: hacer <a href=\"https:\/\/isp2-sfe.infd.edu.ar\/sitio\/wp-content\/uploads\/2023\/05\/Resolucion-2025-2010.pdf\" target=\"_blank\" rel=\"noopener\">click aqu\u00ed<\/a><\/p>\n<p><strong> Profesorado de Educaci\u00f3n Superior en Ciencias de la Educaci\u00f3n (Plan 2023)<\/strong><\/p>\n<p>Para ver el\u00a0dise\u00f1o curricular\u00a0hacer click <a href=\"https:\/\/isp2-sfe.infd.edu.ar\/sitio\/wp-content\/uploads\/2023\/05\/Diseno-curricular-Ciencias-de-la-Educacion-Educacion-Superior.pdf\" target=\"_blank\" rel=\"noopener\">aqu\u00ed<\/a><\/p>\n<p>\u00a0<\/p>\n<p><strong>Profesorado de Artes en Artes Visuales (Plan 293\/2016)<\/strong><\/p>\n<p>\u00a0 Para ver el\u00a0dise\u00f1o curricular\u00a0hacer click <a href=\"upload\/2016_Res_conj_293-16_PROFESORADO_DE_ARTES_VISUALES_CON_ORIENTACION_EN_PRODUCCION.pdf\">aqu\u00ed<\/a><\/p>\n<p><strong>\u00a0<\/strong><\/p>\n<p><strong>Profesorado de Artes en M\u00fasica (Plan 292\/2016)<\/strong><\/p>\n<p>\u00a0 Para ver el\u00a0dise\u00f1o curricular\u00a0hacer click <a href=\"upload\/2016_Res_conj_292-16_PROFESORADO_DE_MUSICA.pdf\">aqu\u00ed<\/a>. Los acuerdos institucionales referidos al Dise\u00f1o, se encuentran plasmados <a href=\"upload\/Acuerdos%20en%20musica.pdf\">aqu\u00ed<\/a>.\u00a0<\/p>\n<p><strong>\u00a0<\/strong><\/p>\n<p><strong>Profesorado de Educaci\u00f3n Inicial (Plan 529\/2009)<\/strong><\/p>\n<p>\u00a0 Para ver el dise\u00f1o curricular hacer click <a href=\"upload\/52909_Inicial.pdf\">aqu\u00ed<\/a><\/p>\n<p><strong>\u00a0<\/strong><\/p>\n<p><strong>Profesorado de Educaci\u00f3n Primaria (Plan 528\/2009)<\/strong><\/p>\n<p>\u00a0 Para ver el\u00a0dise\u00f1o curricular\u00a0hacer click <a href=\"upload\/52809_Primario.pdf\">aqu\u00ed<\/a>. Adem\u00e1s, puede revisar las categor\u00edas de los alumnos en cada C\u00e1tedra en <a href=\"upload\/Profesorado%20de%20Educacion%20Primaria.pdf\">este documento<\/a>.<\/p>\n<p><strong>\u00a0<\/strong><\/p>\n<p><strong>Profesorado de Educaci\u00f3n Especial en Discapacitados Intelectuales (Plan 260\/2003)<\/strong><\/p>\n<p>\u00a0 Para ver el\u00a0dise\u00f1o curricular\u00a0hacer click <a href=\"upload\/26003__Discapacitados_Intelectuales.doc\">aqu\u00ed<\/a><\/p>\n<p>\u00a0<\/p>\n<p><strong>Profesorado de Educaci\u00f3n Secundaria en F\u00edsica (2015)<\/strong><\/p>\n<p>\u00a0 Para ver el\u00a0dise\u00f1o curricular\u00a0hacer click <a href=\"https:\/\/isp2-sfe.infd.edu.ar\/sitio\/wp-content\/uploads\/2025\/04\/DISENO-CURRICULAR-FISICA-2015.pdf\" target=\"_blank\" rel=\"noopener\">aqu\u00ed<\/a><\/p>\n<p>\u00a0<\/p>\n<p>\u00a0<\/p>\n\n\n<p><\/p>\n","protected":false},"excerpt":{"rendered":"<p>Profesorado de Educaci\u00f3n Secundaria en Biolog\u00eda (Plan 2090\/2015) \u00a0Para ver el dise\u00f1o curricular hacer click aqu\u00ed \u00a0\u00a0 Profesorado de Educaci\u00f3n Secundaria en Lengua y Literatura (Plan 514\/2018) \u00a0 \u00a0 \u00a0\u00a0 Para ver el dise\u00f1o curricular hacer click aqu\u00ed \u00a0 Profesorado de Educaci\u00f3n Secundaria en Matem\u00e1tica (Plan 2090\/2015) \u00a0Para ver el\u00a0dise\u00f1o curricular\u00a0hacer click aqu\u00ed \u00a0 Profesorado &#8230; <a title=\"Dise\u00f1os Curriculares\" class=\"read-more\" href=\"https:\/\/isp2-sfe.infd.edu.ar\/sitio\/disenos-curriculares-2\/\" aria-label=\"More on Dise\u00f1os Curriculares\">[+]<\/a><\/p>\n","protected":false},"author":3998,"featured_media":0,"parent":0,"menu_order":0,"comment_status":"closed","ping_status":"closed","template":"","meta":[],"acf":[],"_links":{"self":[{"href":"https:\/\/isp2-sfe.infd.edu.ar\/sitio\/wp-json\/wp\/v2\/pages\/2006"}],"collection":[{"href":"https:\/\/isp2-sfe.infd.edu.ar\/sitio\/wp-json\/wp\/v2\/pages"}],"about":[{"href":"https:\/\/isp2-sfe.infd.edu.ar\/sitio\/wp-json\/wp\/v2\/types\/page"}],"author":[{"embeddable":true,"href":"https:\/\/isp2-sfe.infd.edu.ar\/sitio\/wp-json\/wp\/v2\/users\/3998"}],"replies":[{"embeddable":true,"href":"https:\/\/isp2-sfe.infd.edu.ar\/sitio\/wp-json\/wp\/v2\/comments?post=2006"}],"version-history":[{"count":6,"href":"https:\/\/isp2-sfe.infd.edu.ar\/sitio\/wp-json\/wp\/v2\/pages\/2006\/revisions"}],"predecessor-version":[{"id":5839,"href":"https:\/\/isp2-sfe.infd.edu.ar\/sitio\/wp-json\/wp\/v2\/pages\/2006\/revisions\/5839"}],"wp:attachment":[{"href":"https:\/\/isp2-sfe.infd.edu.ar\/sitio\/wp-json\/wp\/v2\/media?parent=2006"}],"curies":[{"name":"wp","href":"https:\/\/api.w.org\/{rel}","templated":true}]}}